{"id":6482,"date":"2018-05-13T20:41:16","date_gmt":"2018-05-13T18:41:16","guid":{"rendered":"http:\/\/mojateporlavida.org\/?page_id=6482"},"modified":"2018-05-13T20:41:16","modified_gmt":"2018-05-13T18:41:16","slug":"5-etapas-para-cubrir-los-60-klm-del-litoral-de-cabo-de-gata-nijar","status":"publish","type":"page","link":"https:\/\/mojateporlavida.org\/?page_id=6482","title":{"rendered":"5 Etapas para cubrir los 60 klm del Litoral de Cabo de Gata-N\u00edjar"},"content":{"rendered":"<section id=\"bt_section69ef7958cdb46\"  class=\"boldSection gutter\" ><div class=\"port\"><div class=\"boldCell\"><div class=\"boldCellInner\"><div class=\"boldRow \" ><div class=\"boldRowInner\"><div class=\"rowItem col-md-12 col-ms-12  btTextLeft\"  data-width=\"12\"><div class=\"rowItemContent\" ><header class=\"header btClear small\" ><div class=\"btSuperTitle\"><span>5 ETAPAS<\/span><\/div><div class=\"dash\"><h4><span class=\"headline\">TRAVES\u00cdA CABO DE GATA-N\u00cdJAR<\/span><\/h4><\/div><div class=\"btSubTitle\">SOLIDARIA A FAVOR DE LA INVESTIGACI\u00d3N PARA EL C\u00c1NCER INFANTIL<\/div><\/header><div class=\"btLatestPostsContainer verticalPosts \" >\n\t\t\t\t<div class=\"btSingleLatestPost col-sm-12 col-ms-12  inherit\"><div class=\"btSingleLatestPostImage btTextCenter\"><div class=\"bpgPhoto \" > \r\n\t\t\t\t\t<a href=\"https:\/\/mojateporlavida.org\/?p=6156\" target=\"_self\" title=\"\"><\/a>\r\n\t\t\t\t\t<div class=\"boldPhotoBox\"><div class=\"bpbItem\"><div class = \"btImage\"><img src=\"https:\/\/mojateporlavida.org\/wp-content\/uploads\/2017\/09\/E5IMG_0754L-320x240.jpg\" alt=\"\" title=\"\"><\/div><\/div><\/div>\r\n\t\t\t\t\t<div class=\"captionPane btDarkSkin btTextCenter\">\r\n\t\t\t\t\t\t<div class=\"captionTable\">\r\n\t\t\t\t\t\t\t<div class=\"captionCell\">\r\n\t\t\t\t\t\t\t\t<div class=\"captionTxt\"><\/div>\r\n\t\t\t\t\t\t\t<\/div>\r\n\t\t\t\t\t\t<\/div>\r\n\t\t\t\t\t<\/div><\/div><\/div><div class = \"btSingleLatestPostContent\">\n\t\t\t\t\t\t<header class=\"header btClear small\" ><div class=\"dash\"><h4><span class=\"headline\"><a href=\"https:\/\/mojateporlavida.org\/?p=6156\" target=\"_self\">Quinta Etapa. San Jos\u00e9-San Miguel de Cabo de Gata.<\/a><\/span><\/h4><\/div><div class=\"btSubTitle\"><span class=\"btArticleDate\">26 agosto, 2017<\/span><a href=\"https:\/\/mojateporlavida.org\/?author=3\" class=\"btArticleAuthor\">by M Luz Arr\u00e1ez<\/a><\/div><\/header>\n\t\t\t\t<p class=\"btLatestPostContent\">5\u00aa y \u00faltima etapa del Reto: 10 personas normales nadan la franja costera del Parque Natural Cabo de Gata \u2013 N\u00efjar por la investigaci\u00f3n contra el c\u00e1ncer infantil.<\/p>\n\t\t\t\t\t<\/div>\n\t\t\t\t<\/div>\n\t\t\t\t<div class=\"btSingleLatestPost col-sm-12 col-ms-12  inherit\"><div class=\"btSingleLatestPostImage btTextCenter\"><div class=\"bpgPhoto \" > \r\n\t\t\t\t\t<a href=\"https:\/\/mojateporlavida.org\/?p=6074\" target=\"_self\" title=\"\"><\/a>\r\n\t\t\t\t\t<div class=\"boldPhotoBox\"><div class=\"bpbItem\"><div class = \"btImage\"><img src=\"https:\/\/mojateporlavida.org\/wp-content\/uploads\/2017\/09\/E4angelA-320x240.jpg\" alt=\"\" title=\"\"><\/div><\/div><\/div>\r\n\t\t\t\t\t<div class=\"captionPane btDarkSkin btTextCenter\">\r\n\t\t\t\t\t\t<div class=\"captionTable\">\r\n\t\t\t\t\t\t\t<div class=\"captionCell\">\r\n\t\t\t\t\t\t\t\t<div class=\"captionTxt\"><\/div>\r\n\t\t\t\t\t\t\t<\/div>\r\n\t\t\t\t\t\t<\/div>\r\n\t\t\t\t\t<\/div><\/div><\/div><div class = \"btSingleLatestPostContent\">\n\t\t\t\t\t\t<header class=\"header btClear small\" ><div class=\"dash\"><h4><span class=\"headline\"><a href=\"https:\/\/mojateporlavida.org\/?p=6074\" target=\"_self\">Cuarta Etapa. Isleta del Moro- San Jos\u00e9.<\/a><\/span><\/h4><\/div><div class=\"btSubTitle\"><span class=\"btArticleDate\">25 agosto, 2017<\/span><a href=\"https:\/\/mojateporlavida.org\/?author=3\" class=\"btArticleAuthor\">by M Luz Arr\u00e1ez<\/a><\/div><\/header>\n\t\t\t\t<p class=\"btLatestPostContent\">4\u00aa Etapa. La Etapa m\u00e1s complicada superada con \u00e9xito.<\/p>\n\t\t\t\t\t<\/div>\n\t\t\t\t<\/div>\n\t\t\t\t<div class=\"btSingleLatestPost col-sm-12 col-ms-12  inherit\"><div class=\"btSingleLatestPostImage btTextCenter\"><div class=\"bpgPhoto \" > \r\n\t\t\t\t\t<a href=\"https:\/\/mojateporlavida.org\/?p=6040\" target=\"_self\" title=\"\"><\/a>\r\n\t\t\t\t\t<div class=\"boldPhotoBox\"><div class=\"bpbItem\"><div class = \"btImage\"><img src=\"https:\/\/mojateporlavida.org\/wp-content\/uploads\/2017\/08\/E3equipolostroncos-320x240.jpg\" alt=\"\" title=\"\"><\/div><\/div><\/div>\r\n\t\t\t\t\t<div class=\"captionPane btDarkSkin btTextCenter\">\r\n\t\t\t\t\t\t<div class=\"captionTable\">\r\n\t\t\t\t\t\t\t<div class=\"captionCell\">\r\n\t\t\t\t\t\t\t\t<div class=\"captionTxt\"><\/div>\r\n\t\t\t\t\t\t\t<\/div>\r\n\t\t\t\t\t\t<\/div>\r\n\t\t\t\t\t<\/div><\/div><\/div><div class = \"btSingleLatestPostContent\">\n\t\t\t\t\t\t<header class=\"header btClear small\" ><div class=\"dash\"><h4><span class=\"headline\"><a href=\"https:\/\/mojateporlavida.org\/?p=6040\" target=\"_self\">Tercera Etapa. Las Negras-Isleta del Moro<\/a><\/span><\/h4><\/div><div class=\"btSubTitle\"><span class=\"btArticleDate\">24 agosto, 2017<\/span><a href=\"https:\/\/mojateporlavida.org\/?author=3\" class=\"btArticleAuthor\">by M Luz Arr\u00e1ez<\/a><\/div><\/header>\n\t\t\t\t<p class=\"btLatestPostContent\">Tercera Etapa del Reto. Ecuador de la traves\u00eda en La Isleta del Moro: el desembarco de la solidaridad<\/p>\n\t\t\t\t\t<\/div>\n\t\t\t\t<\/div>\n\t\t\t\t<div class=\"btSingleLatestPost col-sm-12 col-ms-12  inherit\"><div class=\"btSingleLatestPostImage btTextCenter\"><div class=\"bpgPhoto \" > \r\n\t\t\t\t\t<a href=\"https:\/\/mojateporlavida.org\/?p=6009\" target=\"_self\" title=\"\"><\/a>\r\n\t\t\t\t\t<div class=\"boldPhotoBox\"><div class=\"bpbItem\"><div class = \"btImage\"><img src=\"https:\/\/mojateporlavida.org\/wp-content\/uploads\/2017\/08\/E2Todosbanderas-320x240.jpg\" alt=\"\" title=\"\"><\/div><\/div><\/div>\r\n\t\t\t\t\t<div class=\"captionPane btDarkSkin btTextCenter\">\r\n\t\t\t\t\t\t<div class=\"captionTable\">\r\n\t\t\t\t\t\t\t<div class=\"captionCell\">\r\n\t\t\t\t\t\t\t\t<div class=\"captionTxt\"><\/div>\r\n\t\t\t\t\t\t\t<\/div>\r\n\t\t\t\t\t\t<\/div>\r\n\t\t\t\t\t<\/div><\/div><\/div><div class = \"btSingleLatestPostContent\">\n\t\t\t\t\t\t<header class=\"header btClear small\" ><div class=\"dash\"><h4><span class=\"headline\"><a href=\"https:\/\/mojateporlavida.org\/?p=6009\" target=\"_self\">Segunda Etapa. Ruta de piratas en aguas abiertas por el c\u00e1ncer infantil<\/a><\/span><\/h4><\/div><div class=\"btSubTitle\"><span class=\"btArticleDate\">23 agosto, 2017<\/span><a href=\"https:\/\/mojateporlavida.org\/?author=3\" class=\"btArticleAuthor\">by M Luz Arr\u00e1ez<\/a><\/div><\/header>\n\t\t\t\t<p class=\"btLatestPostContent\">Cr\u00f3nica de la 2\u00aa Etapa. Agua Amarga &#8211; Las Negras. Ruta de piratas en aguas abiertas por el c\u00e1ncer infantil<\/p>\n\t\t\t\t\t<\/div>\n\t\t\t\t<\/div>\n\t\t\t\t<div class=\"btSingleLatestPost col-sm-12 col-ms-12  inherit\"><div class=\"btSingleLatestPostImage btTextCenter\"><div class=\"bpgPhoto \" > \r\n\t\t\t\t\t<a href=\"https:\/\/mojateporlavida.org\/?p=5989\" target=\"_self\" title=\"\"><\/a>\r\n\t\t\t\t\t<div class=\"boldPhotoBox\"><div class=\"bpbItem\"><div class = \"btImage\"><img src=\"https:\/\/mojateporlavida.org\/wp-content\/uploads\/2017\/08\/salida-320x240.jpg\" alt=\"\" title=\"\"><\/div><\/div><\/div>\r\n\t\t\t\t\t<div class=\"captionPane btDarkSkin btTextCenter\">\r\n\t\t\t\t\t\t<div class=\"captionTable\">\r\n\t\t\t\t\t\t\t<div class=\"captionCell\">\r\n\t\t\t\t\t\t\t\t<div class=\"captionTxt\"><\/div>\r\n\t\t\t\t\t\t\t<\/div>\r\n\t\t\t\t\t\t<\/div>\r\n\t\t\t\t\t<\/div><\/div><\/div><div class = \"btSingleLatestPostContent\">\n\t\t\t\t\t\t<header class=\"header btClear small\" ><div class=\"dash\"><h4><span class=\"headline\"><a href=\"https:\/\/mojateporlavida.org\/?p=5989\" target=\"_self\">Primera etapa de la Traves\u00eda por la Investigaci\u00f3n contra el c\u00e1ncer infantil<\/a><\/span><\/h4><\/div><div class=\"btSubTitle\"><span class=\"btArticleDate\">22 agosto, 2017<\/span><a href=\"https:\/\/mojateporlavida.org\/?author=3\" class=\"btArticleAuthor\">by M Luz Arr\u00e1ez<\/a><\/div><\/header>\n\t\t\t\t<p class=\"btLatestPostContent\">1\u00aa Etapa de la traves\u00eda. Carboneras-Agua Amarga<\/p>\n\t\t\t\t\t<\/div>\n\t\t\t\t<\/div><\/div><\/div><\/div><\/div><\/div><\/div><\/div><\/div><\/section>","protected":false},"excerpt":{"rendered":"","protected":false},"author":2,"featured_media":6177,"parent":3779,"menu_order":0,"comment_status":"closed","ping_status":"closed","template":"","meta":[],"_links":{"self":[{"href":"https:\/\/mojateporlavida.org\/index.php?rest_route=\/wp\/v2\/pages\/6482"}],"collection":[{"href":"https:\/\/mojateporlavida.org\/index.php?rest_route=\/wp\/v2\/pages"}],"about":[{"href":"https:\/\/mojateporlavida.org\/index.php?rest_route=\/wp\/v2\/types\/page"}],"author":[{"embeddable":true,"href":"https:\/\/mojateporlavida.org\/index.php?rest_route=\/wp\/v2\/users\/2"}],"replies":[{"embeddable":true,"href":"https:\/\/mojateporlavida.org\/index.php?rest_route=%2Fwp%2Fv2%2Fcomments&post=6482"}],"version-history":[{"count":4,"href":"https:\/\/mojateporlavida.org\/index.php?rest_route=\/wp\/v2\/pages\/6482\/revisions"}],"predecessor-version":[{"id":6486,"href":"https:\/\/mojateporlavida.org\/index.php?rest_route=\/wp\/v2\/pages\/6482\/revisions\/6486"}],"up":[{"embeddable":true,"href":"https:\/\/mojateporlavida.org\/index.php?rest_route=\/wp\/v2\/pages\/3779"}],"wp:featuredmedia":[{"embeddable":true,"href":"https:\/\/mojateporlavida.org\/index.php?rest_route=\/wp\/v2\/media\/6177"}],"wp:attachment":[{"href":"https:\/\/mojateporlavida.org\/index.php?rest_route=%2Fwp%2Fv2%2Fmedia&parent=6482"}],"curies":[{"name":"wp","href":"https:\/\/api.w.org\/{rel}","templated":true}]}}

5 Etapas para cubrir los 60 klm del Litoral de Cabo de Gata-Níjar

<section id="bt_section69ef7958cdb46"  class="boldSection gutter" ><div class="port"><div class="boldCell"><div class="boldCellInner"><div class="boldRow " ><div class="boldRowInner"><div class="rowItem col-md-12 col-ms-12  btTextLeft"  data-width="12"><div class="rowItemContent" ><header class="header btClear small" ><div class="btSuperTitle"><span>5 ETAPAS</span></div><div class="dash"><h4><span class="headline">TRAVESÍA CABO DE GATA-NÍJAR</span></h4></div><div class="btSubTitle">SOLIDARIA A FAVOR DE LA INVESTIGACIÓN PARA EL CÁNCER INFANTIL</div></header><div class="btLatestPostsContainer verticalPosts " >
				<div class="btSingleLatestPost col-sm-12 col-ms-12  inherit"><div class="btSingleLatestPostImage btTextCenter"><div class="bpgPhoto " > 
					<a href="https://mojateporlavida.org/?p=6156" target="_self" title=""></a>
					<div class="boldPhotoBox"><div class="bpbItem"><div class = "btImage"><img src="https://mojateporlavida.org/wp-content/uploads/2017/09/E5IMG_0754L-320x240.jpg" alt="" title=""></div></div></div>
					<div class="captionPane btDarkSkin btTextCenter">
						<div class="captionTable">
							<div class="captionCell">
								<div class="captionTxt"></div>
							</div>
						</div>
					</div></div></div><div class = "btSingleLatestPostContent">
						<header class="header btClear small" ><div class="dash"><h4><span class="headline"><a href="https://mojateporlavida.org/?p=6156" target="_self">Quinta Etapa. San José-San Miguel de Cabo de Gata.</a></span></h4></div><div class="btSubTitle"><span class="btArticleDate">26 agosto, 2017</span><a href="https://mojateporlavida.org/?author=3" class="btArticleAuthor">by M Luz Arráez</a></div></header>
				<p class="btLatestPostContent">5ª y última etapa del Reto: 10 personas normales nadan la franja costera del Parque Natural Cabo de Gata – Nïjar por la investigación contra el cáncer infantil.</p>
					</div>
				</div>
				<div class="btSingleLatestPost col-sm-12 col-ms-12  inherit"><div class="btSingleLatestPostImage btTextCenter"><div class="bpgPhoto " > 
					<a href="https://mojateporlavida.org/?p=6074" target="_self" title=""></a>
					<div class="boldPhotoBox"><div class="bpbItem"><div class = "btImage"><img src="https://mojateporlavida.org/wp-content/uploads/2017/09/E4angelA-320x240.jpg" alt="" title=""></div></div></div>
					<div class="captionPane btDarkSkin btTextCenter">
						<div class="captionTable">
							<div class="captionCell">
								<div class="captionTxt"></div>
							</div>
						</div>
					</div></div></div><div class = "btSingleLatestPostContent">
						<header class="header btClear small" ><div class="dash"><h4><span class="headline"><a href="https://mojateporlavida.org/?p=6074" target="_self">Cuarta Etapa. Isleta del Moro- San José.</a></span></h4></div><div class="btSubTitle"><span class="btArticleDate">25 agosto, 2017</span><a href="https://mojateporlavida.org/?author=3" class="btArticleAuthor">by M Luz Arráez</a></div></header>
				<p class="btLatestPostContent">4ª Etapa. La Etapa más complicada superada con éxito.</p>
					</div>
				</div>
				<div class="btSingleLatestPost col-sm-12 col-ms-12  inherit"><div class="btSingleLatestPostImage btTextCenter"><div class="bpgPhoto " > 
					<a href="https://mojateporlavida.org/?p=6040" target="_self" title=""></a>
					<div class="boldPhotoBox"><div class="bpbItem"><div class = "btImage"><img src="https://mojateporlavida.org/wp-content/uploads/2017/08/E3equipolostroncos-320x240.jpg" alt="" title=""></div></div></div>
					<div class="captionPane btDarkSkin btTextCenter">
						<div class="captionTable">
							<div class="captionCell">
								<div class="captionTxt"></div>
							</div>
						</div>
					</div></div></div><div class = "btSingleLatestPostContent">
						<header class="header btClear small" ><div class="dash"><h4><span class="headline"><a href="https://mojateporlavida.org/?p=6040" target="_self">Tercera Etapa. Las Negras-Isleta del Moro</a></span></h4></div><div class="btSubTitle"><span class="btArticleDate">24 agosto, 2017</span><a href="https://mojateporlavida.org/?author=3" class="btArticleAuthor">by M Luz Arráez</a></div></header>
				<p class="btLatestPostContent">Tercera Etapa del Reto. Ecuador de la travesía en La Isleta del Moro: el desembarco de la solidaridad</p>
					</div>
				</div>
				<div class="btSingleLatestPost col-sm-12 col-ms-12  inherit"><div class="btSingleLatestPostImage btTextCenter"><div class="bpgPhoto " > 
					<a href="https://mojateporlavida.org/?p=6009" target="_self" title=""></a>
					<div class="boldPhotoBox"><div class="bpbItem"><div class = "btImage"><img src="https://mojateporlavida.org/wp-content/uploads/2017/08/E2Todosbanderas-320x240.jpg" alt="" title=""></div></div></div>
					<div class="captionPane btDarkSkin btTextCenter">
						<div class="captionTable">
							<div class="captionCell">
								<div class="captionTxt"></div>
							</div>
						</div>
					</div></div></div><div class = "btSingleLatestPostContent">
						<header class="header btClear small" ><div class="dash"><h4><span class="headline"><a href="https://mojateporlavida.org/?p=6009" target="_self">Segunda Etapa. Ruta de piratas en aguas abiertas por el cáncer infantil</a></span></h4></div><div class="btSubTitle"><span class="btArticleDate">23 agosto, 2017</span><a href="https://mojateporlavida.org/?author=3" class="btArticleAuthor">by M Luz Arráez</a></div></header>
				<p class="btLatestPostContent">Crónica de la 2ª Etapa. Agua Amarga &#8211; Las Negras. Ruta de piratas en aguas abiertas por el cáncer infantil</p>
					</div>
				</div>
				<div class="btSingleLatestPost col-sm-12 col-ms-12  inherit"><div class="btSingleLatestPostImage btTextCenter"><div class="bpgPhoto " > 
					<a href="https://mojateporlavida.org/?p=5989" target="_self" title=""></a>
					<div class="boldPhotoBox"><div class="bpbItem"><div class = "btImage"><img src="https://mojateporlavida.org/wp-content/uploads/2017/08/salida-320x240.jpg" alt="" title=""></div></div></div>
					<div class="captionPane btDarkSkin btTextCenter">
						<div class="captionTable">
							<div class="captionCell">
								<div class="captionTxt"></div>
							</div>
						</div>
					</div></div></div><div class = "btSingleLatestPostContent">
						<header class="header btClear small" ><div class="dash"><h4><span class="headline"><a href="https://mojateporlavida.org/?p=5989" target="_self">Primera etapa de la Travesía por la Investigación contra el cáncer infantil</a></span></h4></div><div class="btSubTitle"><span class="btArticleDate">22 agosto, 2017</span><a href="https://mojateporlavida.org/?author=3" class="btArticleAuthor">by M Luz Arráez</a></div></header>
				<p class="btLatestPostContent">1ª Etapa de la travesía. Carboneras-Agua Amarga</p>
					</div>
				</div></div></div></div></div></div></div></div></div></section>
