{"id":5814,"date":"2017-07-19T12:57:11","date_gmt":"2017-07-19T10:57:11","guid":{"rendered":"http:\/\/mojateporlavida.org\/?page_id=5814"},"modified":"2017-07-19T13:22:21","modified_gmt":"2017-07-19T11:22:21","slug":"nadadores-del-reto","status":"publish","type":"page","link":"https:\/\/mojateporlavida.org\/?page_id=5814","title":{"rendered":"Nadadores del Reto"},"content":{"rendered":"<section id=\"bt_section69f1b453c0e0e\"  class=\"boldSection gutter\" ><div class=\"port\"><div class=\"boldCell\"><div class=\"boldCellInner\"><div class=\"boldRow \" ><div class=\"boldRowInner\"><div class=\"rowItem col-md-12 col-ms-12  btTextCenter animate animate-fadein inherit\" style=\"background-color: rgba(221, 153, 51, 1); \" data-width=\"12\"><div class=\"rowItemContent\" ><div class=\"btText\" ><p><span style=\"color: #ffffff;\"><cite>Estos son nuestros 10 nadadores que afrontar\u00e1n el reto deportivo solidaro de nadar los 60 kil\u00f3metros de costa del Parque Natural Cabo de Gata-N\u00edjar, para recaudar fondos en ayuda de la Fundaci\u00f3n Cris Contra el C\u00e1ncer y su proyecto de Unidad Cris para la investigaci\u00f3n en c\u00e1ncer infantil del Hospital de la Paz. Madrid.<\/cite><\/span><\/p>\n<\/div><div class=\"btClear btSeparator topSmallSpaced bottomSmallSpaced noBorder\" ><hr><\/div><\/div><\/div><\/div><\/div><\/div><\/div><\/div><\/section><section id=\"bt_section69f1b453c1382\"  class=\"boldSection topSemiSpaced bottomSpaced gutter inherit\" ><div class=\"port\"><div class=\"boldCell\"><div class=\"boldCellInner\"><div class=\"boldRow \" ><div class=\"boldRowInner\"><div class=\"rowItem col-md-12 col-ms-12  btTextCenter inherit\"  data-width=\"12\"><div class=\"rowItemContent\" ><div class=\"btGridContainer classic btGridGap-10 btHasTitles\" ><div class=\"tilesWall btAjaxGrid classic\" data-num=\"10\" data-tiles-title=\"yes\" data-grid-type=\"classic\" data-post-type=\"post\" data-col=\"3\" data-cat-slug=\"NADADORES RETO\" data-scroll-loading=\"yes\" data-format=\"\" data-related=\"\" data-sticky=\"yes\"><div class=\"gridSizer\"><\/div><\/div><div class=\"btLoader btLoaderGrid\"><\/div><div class=\"btNoMore btTextCenter topSmallSpaced bottomSmallSpaced\">No more posts<\/div><\/div><\/div><\/div><\/div><\/div><\/div><\/div><\/div><\/section><section id=\"bt_section69f1b453c161d\"  class=\"boldSection gutter\" ><div class=\"port\"><div class=\"boldCell\"><div class=\"boldCellInner\"><div class=\"boldRow \" ><div class=\"boldRowInner\"><div class=\"rowItem col-md-12 col-ms-12  btTextLeft\"  data-width=\"12\"><div class=\"rowItemContent\" ><div class=\"btClear btSeparator topSmallSpaced bottomSmallSpaced border\" ><hr><\/div><div class=\"bpgPhoto  btRoundedImage\" ><div class = \"btImage\"><img src=\"https:\/\/mojateporlavida.org\/wp-content\/uploads\/2017\/05\/DSC_1665.jpg\" alt=\"\" title=\"\"><\/div><\/div><\/div><\/div><\/div><\/div><\/div><\/div><\/div><\/section>","protected":false},"excerpt":{"rendered":"","protected":false},"author":2,"featured_media":0,"parent":1997,"menu_order":0,"comment_status":"closed","ping_status":"closed","template":"","meta":[],"_links":{"self":[{"href":"https:\/\/mojateporlavida.org\/index.php?rest_route=\/wp\/v2\/pages\/5814"}],"collection":[{"href":"https:\/\/mojateporlavida.org\/index.php?rest_route=\/wp\/v2\/pages"}],"about":[{"href":"https:\/\/mojateporlavida.org\/index.php?rest_route=\/wp\/v2\/types\/page"}],"author":[{"embeddable":true,"href":"https:\/\/mojateporlavida.org\/index.php?rest_route=\/wp\/v2\/users\/2"}],"replies":[{"embeddable":true,"href":"https:\/\/mojateporlavida.org\/index.php?rest_route=%2Fwp%2Fv2%2Fcomments&post=5814"}],"version-history":[{"count":5,"href":"https:\/\/mojateporlavida.org\/index.php?rest_route=\/wp\/v2\/pages\/5814\/revisions"}],"predecessor-version":[{"id":5824,"href":"https:\/\/mojateporlavida.org\/index.php?rest_route=\/wp\/v2\/pages\/5814\/revisions\/5824"}],"up":[{"embeddable":true,"href":"https:\/\/mojateporlavida.org\/index.php?rest_route=\/wp\/v2\/pages\/1997"}],"wp:attachment":[{"href":"https:\/\/mojateporlavida.org\/index.php?rest_route=%2Fwp%2Fv2%2Fmedia&parent=5814"}],"curies":[{"name":"wp","href":"https:\/\/api.w.org\/{rel}","templated":true}]}}

<section id="bt_section69f1b453c0e0e"  class="boldSection gutter" ><div class="port"><div class="boldCell"><div class="boldCellInner"><div class="boldRow " ><div class="boldRowInner"><div class="rowItem col-md-12 col-ms-12  btTextCenter animate animate-fadein inherit" style="background-color: rgba(221, 153, 51, 1); " data-width="12"><div class="rowItemContent" ><div class="btText" ><p><span style="color: #ffffff;"><cite>Estos son nuestros 10 nadadores que afrontarán el reto deportivo solidaro de nadar los 60 kilómetros de costa del Parque Natural Cabo de Gata-Níjar, para recaudar fondos en ayuda de la Fundación Cris Contra el Cáncer y su proyecto de Unidad Cris para la investigación en cáncer infantil del Hospital de la Paz. Madrid.</cite></span></p>
</div><div class="btClear btSeparator topSmallSpaced bottomSmallSpaced noBorder" ><hr></div></div></div></div></div></div></div></div></section><section id="bt_section69f1b453c1382"  class="boldSection topSemiSpaced bottomSpaced gutter inherit" ><div class="port"><div class="boldCell"><div class="boldCellInner"><div class="boldRow " ><div class="boldRowInner"><div class="rowItem col-md-12 col-ms-12  btTextCenter inherit"  data-width="12"><div class="rowItemContent" ><div class="btGridContainer classic btGridGap-10 btHasTitles" ><div class="tilesWall btAjaxGrid classic" data-num="10" data-tiles-title="yes" data-grid-type="classic" data-post-type="post" data-col="3" data-cat-slug="NADADORES RETO" data-scroll-loading="yes" data-format="" data-related="" data-sticky="yes"><div class="gridSizer"></div></div><div class="btLoader btLoaderGrid"></div><div class="btNoMore btTextCenter topSmallSpaced bottomSmallSpaced">No more posts</div></div></div></div></div></div></div></div></div></section><section id="bt_section69f1b453c161d"  class="boldSection gutter" ><div class="port"><div class="boldCell"><div class="boldCellInner"><div class="boldRow " ><div class="boldRowInner"><div class="rowItem col-md-12 col-ms-12  btTextLeft"  data-width="12"><div class="rowItemContent" ><div class="btClear btSeparator topSmallSpaced bottomSmallSpaced border" ><hr></div><div class="bpgPhoto  btRoundedImage" ><div class = "btImage"><img src="https://mojateporlavida.org/wp-content/uploads/2017/05/DSC_1665.jpg" alt="" title=""></div></div></div></div></div></div></div></div></div></section>
