{"id":5648,"date":"2017-07-06T06:30:55","date_gmt":"2017-07-06T04:30:55","guid":{"rendered":"http:\/\/mojateporlavida.org\/?page_id=5648"},"modified":"2017-07-05T12:09:32","modified_gmt":"2017-07-05T10:09:32","slug":"7a-nadadora-invitada-arantza-de-la-guerra-nadadora-por-madrid","status":"publish","type":"page","link":"https:\/\/mojateporlavida.org\/?page_id=5648","title":{"rendered":"7\u00aa Nadadora Invitada. Arantza de la Guerra. Nadadora por Madrid"},"content":{"rendered":"<section id=\"bt_section69ef7b2b5bb53\" data-parallax=\"0\" data-parallax-offset=\"0\" class=\"boldSection topSpaced bottomSemiSpaced btDarkSkin gutter inherit btParallax wBackground cover btBackgroundOverlay btSolidDarkBackground\" style=\"background-image:url('https:\/\/mojateporlavida.org\/wp-content\/uploads\/2017\/07\/arancha-de-la-guerra-3.jpeg');\"><div class=\"port\"><div class=\"boldCell\"><div class=\"boldCellInner\"><div class=\"boldRow \" ><div class=\"boldRowInner\"><div class=\"rowItem col-md-3 col-sm-6 col-ms-12 btTextLeft animate animate-fadein animate-moveup btMiddleVertical\"  data-width=\"3\"><div class=\"rowItemContent\" ><div class=\"bpgPhoto  btRoundedImage\" ><div class = \"btImage\"><img src=\"https:\/\/mojateporlavida.org\/wp-content\/uploads\/2017\/07\/arantza-perfil.jpg\" alt=\"\" title=\"\"><\/div><\/div><div class=\"btClear btSeparator bottomSemiSpaced noBorder\" ><hr><\/div><\/div><\/div><div class=\"rowItem col-md-6 col-sm-12 btTextLeft animate animate-fadein animate-moveup btMiddleVertical\"  data-width=\"6\"><div class=\"rowItemContent\" ><header class=\"header btClear large  btHeaderAccent3\" ><div class=\"btSuperTitle\"><span>NADADORA INVITADA<\/span><\/div><div class=\"dash\"><h2><span class=\"headline\">Arantza De La Guerra<\/span><\/h2><\/div><\/header><div class=\"btText\" ><div><span class=\"il\">Arantza<\/span>\u00a0es tranquila, dulce, libre, responsable y muy cercana. Es una persona positiva que une el equipo.<\/div>\n<div>Ha practicado deporte toda la vida y la nataci\u00f3n es su favorito. Participa en competiciones master desde hace 7 a\u00f1os aunque lleva 10 haciendo traves\u00edas en Almer\u00eda y diversos trofeos.<\/div>\n<div>Como nadadora es polivalente y muy t\u00e9cnica. En su d\u00eda a d\u00eda es disciplinada y met\u00f3dica.<\/div>\n<div>Actualmente continua participando en nuevos retos, superando sus miedos y sus nervios, sin perder nunca su sonrisa.<\/div>\n<\/div><div class=\"btIconImageRow\" style=\"padding: 1em 0;\"><span class=\"btIco btIcoFilledType btIcoSmallSize btAccent1Icon\"><a href=\"https:\/\/www.facebook.com\/arantza.delaguerra\"  target=\"no_target\" data-ico-fa=\"&#xf09a;\" class=\"btIcoHolder\"><\/a><\/span><span class=\"btIco btIcoFilledType btIcoSmallSize btAccent2Icon\"><a href=\"https:\/\/twitter.com\/search?q=arantza%20de%20la%20guerra&amp;src=typd&amp;lang=es\"  target=\"no_target\" data-ico-fa=\"&#xf099;\" class=\"btIcoHolder\"><\/a><\/span><span class=\"btIco btIcoDefaultType btIcoSmallSize btDefaultIcon\"><a href=\"https:\/\/www.instagram.com\/arantzaggt\/?hl=es\"  target=\"no_target\" data-ico-fa=\"&#xf16d;\" class=\"btIcoHolder\"><\/a><\/span><\/div><div class=\"btClear btSeparator bottomSemiSpaced noBorder\" ><hr><\/div><\/div><\/div><div class=\"rowItem col-md-3 col-sm-6 col-ms-12 btTextLeft animate animate-fadein animate-moveup btMiddleVertical btDoublePadding\"  data-width=\"3\"><div class=\"rowItemContent\" ><div class=\"btClear btSeparator bottomSemiSpaced noBorder\" ><hr><\/div><a href=\"mailto:arantza@navegacharter.com\" class=\"btBtn btBtn btnOutlineStyle btndefaultColor btnSmall btnFullWidth btnRightPosition btnIco\" ><span class=\"btnInnerText\">CONTACT<\/span><span class=\"btIco \"><span  data-ico-fa=\"&#xf003;\" class=\"btIcoHolder\"><\/span><\/span><\/a><div class=\"btClear btSeparator topSmallSpaced noBorder\" ><hr><\/div><\/div><\/div><\/div><\/div><\/div><\/div><\/div><\/section><section id=\"bt_section69ef7b2b5c89a\"  class=\"boldSection topSpaced bottomSpaced gutter inherit\" ><div class=\"port\"><div class=\"boldCell\"><div class=\"boldCellInner\"><div class=\"boldRow \" ><div class=\"boldRowInner\"><div class=\"rowItem btRightBorder col-md-9 col-ms-12  btTextLeft animate animate-fadein btTopVertical\"  data-width=\"9\"><div class=\"rowItemContent\" ><header class=\"header btClear large  btHeaderAccent4\" ><div class=\"dash\"><h2><span class=\"headline\">BIOGRAF\u00cdA<\/span><\/h2><\/div><\/header><div class=\"btText\" ><p>Me parece un reto incre\u00edble. Estoy muy orgullosa de poder participar en \u00e9l.<\/p>\n<div>Conozco a\u00a0algunas\u00a0personas que han superado retos muy dif\u00edciles para ellos con el objetivo de apoyar alguna causa o traer un poco de esperanza a los dem\u00e1s. Siempre los he admirado , no tanto por haberlo conseguido sino por haber sido capaces de comprometerse y de poner toda su ilusi\u00f3n en llevarlo a cabo, sin rendirse en el esfuerzo diario.<\/div>\n<div>Muchos de nosotros conocemos a ni\u00f1os enfermos de\u00a0c\u00e1ncer, \u00a0queremos ayudar y muchas veces no sabemos c\u00f3mo.<\/div>\n<div>Me conmueven las personas que se unen para apoyar a los dem\u00e1s, que son capaces de movilizarse. \u00a0Cuando vi\u00a0personalmente\u00a0el entusiasmo y la ilusi\u00f3n con que estaban preparando todo supe que, de alguna manera, ten\u00eda que estar ah\u00ed, que no pod\u00eda perd\u00e9rmelo.\u00a0Sent\u00ed que era mi manera de ayudar y de aportar un poco de mi misma para traer \u00a0esperanza \u00a0a los ni\u00f1os que sufren.<\/div>\n<div>Me siento feliz de poder acompa\u00f1arles en una de las etapas del reto.<\/div>\n<p><strong>\u201cYo Me Mojo por la Vida, y t\u00fa?\u201d<\/strong><\/p>\n<\/div><div class=\"btClear btSeparator topSmallSpaced bottomSmallSpaced noBorder\" ><hr><\/div><div class=\"bpgPhoto \" ><div class = \"btImage\"><img src=\"https:\/\/mojateporlavida.org\/wp-content\/uploads\/2017\/07\/arancha-de-la-guerra-1.jpg\" alt=\"\" title=\"\"><\/div><\/div><div class=\"btClear btSeparator topSmallSpaced bottomSmallSpaced noBorder\" ><hr><\/div><\/div><\/div><div class=\"rowItem col-md-3 col-sm-6 col-ms-12 btTextLeft animate animate-fadein btTopVertical\"  data-width=\"3\"><div class=\"rowItemContent\" ><div class=\"btClear btSeparator topSemiSpaced noBorder\" ><hr><\/div><header class=\"header btClear medium  btHeaderAccent1\" ><div class=\"dash\"><h3><span class=\"headline\">AFICIONES<\/span><\/h3><\/div><div class=\"btSubTitle\"> Viajar, lectura, fotograf\u00eda y largos paseos. Cine.<\/div><\/header><div class=\"btClear btSeparator topSemiSpaced noBorder\" ><hr><\/div><div class=\"servicesItem  btServicesAccent3 btIcoBigSizeIcon \"><div class=\"sIcon\"><span class=\"btIco btIcoBigSize btIcoDefaultType btAccent3Icon\"><span  data-ico-fs=\"&#xe92e;\" class=\"btIcoHolder\"><\/span><\/span><\/div><div class=\"sTxt\"><header class=\"header btClear small\" ><div class=\"dash\"><h4><span class=\"headline\">DEPORTES<\/span><\/h4><\/div><div class=\"btSubTitle\">Deportes de agua, especialmente vela y nataci\u00f3n.<\/div><\/header><\/div><\/div><div class=\"btClear btSeparator topSmallSpaced noBorder\" ><hr><\/div><div class=\"bpgPhoto \" ><div class = \"btImage\"><img src=\"https:\/\/mojateporlavida.org\/wp-content\/uploads\/2017\/07\/arancha-de-la-guerra4.jpeg\" alt=\"\" title=\"\"><\/div><\/div><\/div><\/div><\/div><\/div><\/div><\/div><\/div><\/section><section id=\"bt_section69ef7b2b5d182\"  class=\"boldSection gutter\" ><div class=\"port\"><div class=\"boldCell\"><div class=\"boldCellInner\"><div class=\"boldRow \" ><div class=\"boldRowInner\"><div class=\"rowItem col-md-12 col-ms-12  btTextLeft\"  data-width=\"12\"><div class=\"rowItemContent\" ><div class=\"btTabs tabsHorizontal\"><ul class=\"tabsHeader\"><li><span>FORMACI\u00d3N<\/span><\/li><li><span>CC DEPORTIVO<\/span><\/li><\/ul><div class=\"tabPanes tabPanesTabs\"><div class=\"tabPane\">\n\t\t\t<div class=\"tabAccordionContent\"><div class=\"btText\" ><div>Ingeniero Industrial. Especialidad Organizaci\u00f3n Industrial. \u00a0Universidad del Pa\u00eds Vasco. ETSII Bilbao<\/div>\n<ul>\n<li>Estrategias Marketing Internacional. CECO Madrid<\/li>\n<li>Econom\u00eda de las Telecomunicaciones. Fundaci\u00f3n Universidad Carlos III<\/li>\n<\/ul>\n<div>\u00a0Capit\u00e1n de Yate D.G. Marina Mercante<\/div>\n<p><span class=\" _2yeq\">\u00a0<\/span><\/p>\n<\/div><\/div>\n\t\t<\/div><div class=\"tabPane\">\n\t\t\t<div class=\"tabAccordionContent\"><div class=\"btText\" ><div>\n<h2>COMPETICIONES EN PISCINA Federado en Nataci\u00f3n Master<\/h2>\n<div>Equipo Real Canoe N.C. desde 2009 hasta la actualidad.<\/div>\n<div><\/div>\n<div>7\u00a0Campeonatos\u00a0de Madrid<\/div>\n<div>12 Campeonatos de Espa\u00f1a<\/div>\n<div>2 \u00a0Campeonatos de Europa<\/div>\n<div>2 Campeonatos del Mundo.<\/div>\n<div>3\u00ba Campeonato del Mundo agosto de 2017<\/div>\n<div><\/div>\n<div><u>Temporada 2009\/ 10. Entrenador Alfonso Maltrana. Categor\u00eda +45<\/u><\/div>\n<div><u>\u00a0<\/u><\/div>\n<ul>\n<li>Campeonato de Espa\u00f1a Invierno Pontevedra 2011:<\/li>\n<li>Una plata y un bronce en relevos mixtos + 200<\/li>\n<li>Un bronce en relevos femeninos<\/li>\n<\/ul>\n<div><\/div>\n<div>Campeonato de Espa\u00f1a Verano las Palmas 2011:<\/div>\n<ul>\n<li>Dos medallas de oro en relevos mixtos + 200<\/li>\n<\/ul>\n<div>Campeonato de Madrid 2011:<\/div>\n<ul>\n<li>Cuatro medallas de Oro en ; 200 estilos, 200 espalda, 100 libres y 100 braza.<\/li>\n<\/ul>\n<div><u>Temporada 2011\/ 12. Entrenador Alfonso Maltrana. Categor\u00eda +45<\/u><\/div>\n<div><u>\u00a0<\/u><\/div>\n<div>Campeonato de Espa\u00f1a Invierno Castell\u00f3n 2012:<\/div>\n<ul>\n<li>Dos oros en relevos mixtos.<\/li>\n<li>Una\u00a0plata\u00a0en relevos femeninos<\/li>\n<\/ul>\n<div><\/div>\n<div>Campeonato de Madrid 2012:<\/div>\n<div><\/div>\n<ul>\n<li>Dos oros en: 50 espalda y 200 libres<\/li>\n<li>Dos platas en 50 braza y 100 libres.<\/li>\n<li>Dos oros en relevos mixtos.<\/li>\n<\/ul>\n<div><\/div>\n<div><u>Temporada 2012\/13. Entrenador\u00a0Pedro\u00a0Sim\u00f3n. Categor\u00eda +45<\/u><\/div>\n<div><u>\u00a0<\/u><\/div>\n<div>Campeonato de Espa\u00f1a Invierno Barcelona 2013.<\/div>\n<div><\/div>\n<div>Campeonato de Espa\u00f1a Verano Fuerteventura 2013:<\/div>\n<ul>\n<li>Plata en 100 espalda.<\/li>\n<li>Bronce en 200 espalda.<\/li>\n<li>Bronce en relevos femeninos.<\/li>\n<\/ul>\n<div><\/div>\n<div>Campeonato de Europa Eindhoven (Holanda) 2013.<\/div>\n<ul>\n<li>Pruebas: 100 libres y 100 espalda<\/li>\n<\/ul>\n<div><\/div>\n<div><u>Temporada 2013\/ 14. Entrenador Pedro Sim\u00f3n. Categor\u00eda +50<\/u><\/div>\n<div><u>\u00a0<\/u><\/div>\n<div>Campeonato de Espa\u00f1a Invierno Palma 2014<\/div>\n<ul>\n<li>Bronce en 200 libres<\/li>\n<\/ul>\n<div><\/div>\n<div>Campeonato de Espa\u00f1a Verano Jerez 2014<\/div>\n<ul>\n<li>Oro en 50 Braza. Primera vez Campeona de Espa\u00f1a individual<\/li>\n<li>Plata en 100 espalda<\/li>\n<li>Plata en 200 libres<\/li>\n<li>Bronce en relevos femeninos.<\/li>\n<\/ul>\n<div><\/div>\n<div>Campeonato del Mundo Montreal (Canad\u00e1) 2014<\/div>\n<div>Pruebas: 100 y 200 espalda, 100 braza, 50 y 400 libres.<\/div>\n<div><\/div>\n<div><u>Temporada 2014\/15. Entrenador Pedro Sim\u00f3n:<\/u><\/div>\n<div><u>\u00a0<\/u><\/div>\n<ul>\n<li>Campeonato de\u00a0Espa\u00f1a\u00a0Invierno Pontevedra 2015<\/li>\n<\/ul>\n<div><\/div>\n<div>Trofeo de Primavera Madrid Open<\/div>\n<ul>\n<li>Dos oros en 100 braza y 100 espalda<\/li>\n<li>Dos oros en relevos mixtos<\/li>\n<\/ul>\n<div><\/div>\n<div>Campeonato de Madrid 2015<\/div>\n<ul>\n<li>Tres oros en 200 braza, 400 libre y 200 espalda<\/li>\n<li>Oro en relevos mixtos<\/li>\n<\/ul>\n<div><\/div>\n<div>Campeonato de Espa\u00f1a Verano Zaragoza 2015.<\/div>\n<ul>\n<li>Plata en 100 espalda<\/li>\n<li>Bronce en 100 libres<\/li>\n<li>Oro en relevos femeninos<\/li>\n<li>Un oro y un bronce en relevos mixtos<\/li>\n<\/ul>\n<div><\/div>\n<div>Campeonato del Mundo Kaz\u00e1n (Rusia) 2015<\/div>\n<ul>\n<li>6\u00ba puesto. Medalla y Diploma en 200 espalda.<\/li>\n<li>11\u00ba en 200 libres<\/li>\n<li>10\u00ba puesto. Medalla y Diploma en 200 estilos<\/li>\n<li>Otras pruebas: 50 y 100 braza<\/li>\n<\/ul>\n<div><\/div>\n<div><u>Temporada 2015\/16. Entrenador\u00a0Pedro\u00a0Sim\u00f3n:<\/u><\/div>\n<div><\/div>\n<div>Campeonato de Espa\u00f1a Invierno Gij\u00f3n 2016<\/div>\n<ul>\n<li>Plata en 200 espalda<\/li>\n<li>Bronce en 100 espalda<\/li>\n<li>Oro en relevos mixtos<\/li>\n<\/ul>\n<div><\/div>\n<div>Campeonato de Europa. Londres 2016<\/div>\n<ul>\n<li>Pruebas: 200 libres, 50 y 200 espalda<\/li>\n<\/ul>\n<div>Campeonato de Madrid 2016<\/div>\n<ul>\n<li>Oro en 50 espalda, 100 espalda y 200 espalda<\/li>\n<li>Plata en 100 libres<\/li>\n<\/ul>\n<div><u>Temporada 2016\/17. Entrenador Pedro Sim\u00f3n.<\/u><\/div>\n<div><\/div>\n<div>Campeonato de Espa\u00f1a Invierno Palma 2017<\/div>\n<div><\/div>\n<ul>\n<li>Trofeo de Primavera madrid Open<\/li>\n<li>Dos oros en 100 estilos y 100 espalda<\/li>\n<\/ul>\n<div>Campeonato de Madrid 2017<\/div>\n<ul>\n<li>Oro en 200 espalda.<\/li>\n<li>Tres platas en 1500 m, 50 mariposa y 100 braza.<\/li>\n<\/ul>\n<div>Campeonato de Espa\u00f1a Verano Badajoz 2017:<\/div>\n<ul>\n<li>Oro en 400 libres. Segunda vez Campeona de Espa\u00f1a individual<\/li>\n<\/ul>\n<div>Campeonato del Mundo de Aguas Abiertas Balatonf\u00fcred (Hungr\u00eda) a celebrar en Agosto 2017<\/div>\n<div>Distancia 3000 m.<\/div>\n<div><\/div>\n<div>Campeonato del Mundo Budapest (Hungr\u00eda) a celebrar en Agosto 2017<\/div>\n<ul>\n<li>Pruebas a nadar: 800 libres, 200 espalda, 200 libres, 200 estilos.<\/li>\n<\/ul>\n<div><\/div>\n<h2>AGUAS ABIERTAS:<\/h2>\n<div><\/div>\n<div>En el a\u00f1o 2008 empezaron las primeras pruebas en Aguas Abiertas. Resultados por categor\u00eda en algunas de las mas de 20 traves\u00edas.<\/div>\n<div><\/div>\n<ul>\n<li>Traves\u00eda del puerto de Almer\u00eda 2000m. Trofeo<\/li>\n<li>Traves\u00eda Puerto de Almer\u00eda 2010 800 m. Trofeo<\/li>\n<li>Traves\u00eda\u00a0Puerto de Almer\u00eda 2011 400 m. Oro<\/li>\n<li>Traves\u00eda puerto de Almer\u00eda 2016 400 m. Oro.<\/li>\n<li>I Milla Na\u00fatica de Santa Ana 2010 . Plata<\/li>\n<li>I Milla Nautica de Santa Ana 2011. Oro.<\/li>\n<li>100 Horas de Deporte. nataci\u00f3n 2009 en adelante. varios trofeos.<\/li>\n<li>Traves\u00eda 100 h del deporte. Oro<\/li>\n<li>Traves\u00eda de Almerimar 2010. Trofeo<\/li>\n<li>Traves\u00eda de Almerimar 2015. 1500 m. Oro<\/li>\n<li>Traves\u00eda de Carboneras 2010.<\/li>\n<li>Traves\u00eda de Carboneras 2011.<\/li>\n<li>Traves\u00eda de Garrucha 2011. Plata<\/li>\n<li>Traves\u00eda de Garrucha. Oro<\/li>\n<li>Trofeo Nadador Completo CN Almer\u00eda 2013. oro<\/li>\n<\/ul>\n<div><\/div>\n<div>III Circuito de Traves\u00edas AT- Sport 2013. Oro con las siguientes traves\u00edas\u00a0realizadas:<\/div>\n<ul>\n<li>Traves\u00eda de Garrucha . 2000 m. Oro<\/li>\n<li>\u00a0Traves\u00eda de Moj\u00e1car. 2000 m. Oro<\/li>\n<li>Traves\u00eda de Las Negras. 2000 m. Oro<\/li>\n<li>Traves\u00eda de San Jos\u00e9 . 2000 m. Oro<\/li>\n<\/ul>\n<div>VI Copa AT- Sport Traves\u00edas a nado 2016. Oro. Con las siguientes traves\u00edas realizadas:<\/div>\n<ul>\n<li>Traves\u00eda de Moj\u00e1car. 2000 m. Oro<\/li>\n<li>Traves\u00eda\u00a0de Garrucha. 2000 m. Oro<\/li>\n<\/ul>\n<div>I Traves\u00eda de Los Puertos ( Roquetas de Mar, Aguadulce) \u00a05000 m. Oro<\/div>\n<\/div>\n<\/div><\/div>\n\t\t<\/div><\/div><\/div><\/div><\/div><\/div><\/div><\/div><\/div><\/div><\/section><section id=\"bt_section69ef7b2b5e28b\"  class=\"boldSection gutter\" ><div class=\"port\"><div class=\"boldCell\"><div class=\"boldCellInner\"><div class=\"boldRow \" ><div class=\"boldRowInner\"><div class=\"rowItem col-md-12 col-ms-12  btTextLeft\"  data-width=\"12\"><div class=\"rowItemContent\" ><div class=\"btClear btSeparator topSmallSpaced bottomSmallSpaced noBorder\" ><hr><\/div><\/div><\/div><\/div><\/div><\/div><\/div><\/div><\/section><section id=\"bt_section69ef7b2b5e466\"  class=\"boldSection gutter\" ><div class=\"port\"><div class=\"boldCell\"><div class=\"boldCellInner\"><div class=\"boldRow \" ><div class=\"boldRowInner\"><div class=\"rowItem col-md-12 col-ms-12  btTextLeft\"  data-width=\"12\"><div class=\"rowItemContent\" ><div class=\"btText\" ><p><iframe loading=\"lazy\" src=\"https:\/\/www.youtube.com\/embed\/RhD6GXMevbI\" width=\"560\" height=\"315\" frameborder=\"0\" allowfullscreen=\"allowfullscreen\"><\/iframe><\/p>\n<\/div><\/div><\/div><\/div><\/div><div class=\"boldRow \" ><div class=\"boldRowInner\"><div class=\"rowItem col-md-12 col-ms-12  btTextLeft animate animate-fadein inherit\"  data-width=\"12\"><div class=\"rowItemContent\" ><header class=\"header btClear large  btHeaderAccent3\" ><div class=\"dash\"><h2><span class=\"headline\">Noticias en las que aparece Arantza<\/span><\/h2><\/div><\/header><div class=\"btClear btSeparator bottomSmallSpaced noBorder\" ><hr><\/div><div class=\"btLatestPostsContainer verticalPosts \" ><\/div><div class=\"btClear btSeparator topExtraSpaced bottomExtraSpaced noBorder\" ><hr><\/div><div class=\"btClear btSeparator topExtraSpaced bottomExtraSpaced noBorder\" ><hr><\/div><\/div><\/div><\/div><\/div><\/div><\/div><\/div><\/section>","protected":false},"excerpt":{"rendered":"","protected":false},"author":2,"featured_media":5662,"parent":1997,"menu_order":0,"comment_status":"closed","ping_status":"closed","template":"","meta":[],"_links":{"self":[{"href":"https:\/\/mojateporlavida.org\/index.php?rest_route=\/wp\/v2\/pages\/5648"}],"collection":[{"href":"https:\/\/mojateporlavida.org\/index.php?rest_route=\/wp\/v2\/pages"}],"about":[{"href":"https:\/\/mojateporlavida.org\/index.php?rest_route=\/wp\/v2\/types\/page"}],"author":[{"embeddable":true,"href":"https:\/\/mojateporlavida.org\/index.php?rest_route=\/wp\/v2\/users\/2"}],"replies":[{"embeddable":true,"href":"https:\/\/mojateporlavida.org\/index.php?rest_route=%2Fwp%2Fv2%2Fcomments&post=5648"}],"version-history":[{"count":13,"href":"https:\/\/mojateporlavida.org\/index.php?rest_route=\/wp\/v2\/pages\/5648\/revisions"}],"predecessor-version":[{"id":5667,"href":"https:\/\/mojateporlavida.org\/index.php?rest_route=\/wp\/v2\/pages\/5648\/revisions\/5667"}],"up":[{"embeddable":true,"href":"https:\/\/mojateporlavida.org\/index.php?rest_route=\/wp\/v2\/pages\/1997"}],"wp:featuredmedia":[{"embeddable":true,"href":"https:\/\/mojateporlavida.org\/index.php?rest_route=\/wp\/v2\/media\/5662"}],"wp:attachment":[{"href":"https:\/\/mojateporlavida.org\/index.php?rest_route=%2Fwp%2Fv2%2Fmedia&parent=5648"}],"curies":[{"name":"wp","href":"https:\/\/api.w.org\/{rel}","templated":true}]}}