{"id":5437,"date":"2017-05-23T00:09:47","date_gmt":"2017-05-22T22:09:47","guid":{"rendered":"http:\/\/mojateporlavida.org\/?page_id=5437"},"modified":"2017-05-29T23:57:18","modified_gmt":"2017-05-29T21:57:18","slug":"4a-nadadora-invitada-al-reto-yolanda-jimenez","status":"publish","type":"page","link":"https:\/\/mojateporlavida.org\/?page_id=5437","title":{"rendered":"4\u00aa Nadadora invitada al Reto. Yolanda Jim\u00e9nez"},"content":{"rendered":"<section id=\"bt_section69f1fbbcc20b9\" data-parallax=\"0\" data-parallax-offset=\"0\" class=\"boldSection topSpaced bottomSemiSpaced btDarkSkin gutter inherit btParallax wBackground cover btBackgroundOverlay btSolidDarkBackground\" style=\"background-image:url('https:\/\/mojateporlavida.org\/wp-content\/uploads\/2017\/05\/2017-04-18-PHOTO-00001685.jpg');\"><div class=\"port\"><div class=\"boldCell\"><div class=\"boldCellInner\"><div class=\"boldRow \" ><div class=\"boldRowInner\"><div class=\"rowItem col-md-3 col-sm-6 col-ms-12 btTextLeft animate animate-fadein animate-moveup btMiddleVertical\"  data-width=\"3\"><div class=\"rowItemContent\" ><div class=\"bpgPhoto  btRoundedImage\" ><div class = \"btImage\"><img src=\"https:\/\/mojateporlavida.org\/wp-content\/uploads\/2017\/05\/2017-04-18-PHOTO-00001682.jpg\" alt=\"\" title=\"\"><\/div><\/div><div class=\"btClear btSeparator bottomSemiSpaced noBorder\" ><hr><\/div><\/div><\/div><div class=\"rowItem col-md-6 col-sm-12 btTextLeft animate animate-fadein animate-moveup btMiddleVertical\"  data-width=\"6\"><div class=\"rowItemContent\" ><header class=\"header btClear large  btHeaderAccent3\" ><div class=\"btSuperTitle\"><span>NADADORA INVITADA<\/span><\/div><div class=\"dash\"><h2><span class=\"headline\">Yolanda Jim\u00e9nez<\/span><\/h2><\/div><\/header><div class=\"btText\" ><p><span class=\"il\">Yolanda<\/span> Jim\u00e9nez Cabrera. Nadadora por Motril (GRANADA).<\/p>\n<p>El significado de su nombre se ajusta a su persona: \u00bb tierra de riqueza\u00bb que abraza al mar.<br \/>\n<strong>MUJER<\/strong> Valiente, solidaria, generosa, luchadora, de grandes convicciones y donante de vida que en el nadar ha encontrado su <strong>PAZ<\/strong>.<br \/>\nAmante del trabajo en equipo y en todo reto que se propone lo realiza poniendo <em>alma &amp; coraz\u00f3n<\/em>.<\/p>\n<p style=\"text-align: center;\"><strong><em>Yolanda se moja por la Vida. Y t\u00fa?<\/em><\/strong><\/p>\n<\/div><div class=\"btIconImageRow\" style=\"padding: 1em 0;\"><span class=\"btIco btIcoFilledType btIcoSmallSize btAccent1Icon\"><a href=\"https:\/\/www.facebook.com\/yolanda.jimenezcabrera.3?ref=br_rs\"  target=\"no_target\" data-ico-fa=\"&#xf09a;\" class=\"btIcoHolder\"><\/a><\/span><\/div><div class=\"btClear btSeparator bottomSemiSpaced noBorder\" ><hr><\/div><\/div><\/div><div class=\"rowItem col-md-3 col-sm-6 col-ms-12 btTextLeft animate animate-fadein animate-moveup btMiddleVertical btDoublePadding\"  data-width=\"3\"><div class=\"rowItemContent\" ><div class=\"btClear btSeparator bottomSemiSpaced noBorder\" ><hr><\/div><a href=\"mailto:yolandajim.zx@hotmail.com\" class=\"btBtn btBtn btnOutlineStyle btndefaultColor btnSmall btnFullWidth btnRightPosition btnIco\" ><span class=\"btnInnerText\">CONTACT<\/span><span class=\"btIco \"><span  data-ico-fa=\"&#xf003;\" class=\"btIcoHolder\"><\/span><\/span><\/a><div class=\"btClear btSeparator topSmallSpaced noBorder\" ><hr><\/div><\/div><\/div><\/div><\/div><\/div><\/div><\/div><\/section><section id=\"bt_section69f1fbbcc2d39\"  class=\"boldSection topSpaced bottomSpaced gutter inherit\" ><div class=\"port\"><div class=\"boldCell\"><div class=\"boldCellInner\"><div class=\"boldRow \" ><div class=\"boldRowInner\"><div class=\"rowItem btRightBorder col-md-12 col-ms-12  btTextLeft animate animate-fadein btTopVertical\"  data-width=\"12\"><div class=\"rowItemContent\" ><header class=\"header btClear large  btHeaderAccent4\" ><div class=\"dash\"><h2><span class=\"headline\">BIOGRAF\u00cdA<\/span><\/h2><\/div><\/header><div class=\"btText\" ><p dir=\"ltr\">Motivaci\u00f3n:<br \/>\nLa principal es la de poder ayudar a trav\u00e9s de mi pasi\u00f3n por la nataci\u00f3n y a su vez poder transmitir el valor de ser solidario a mis HIJOS.<\/p>\n<p style=\"text-align: center;\"><strong>\u201cYo Me Mojo por la Vida, y t\u00fa?\u201d<\/strong><\/p>\n<\/div><div class=\"btClear btSeparator topSmallSpaced bottomSmallSpaced noBorder\" ><hr><\/div><div class=\"tilesWall btGridGallery tiled  btGridGap-5 lightbox\" data-col=\"3\"><div class=\"gridSizer\"><\/div><div class=\"gridItem btGhostSliderThumb bt11\" data-order-num=\"-1\"><div class=\"btTileBox\"><div class=\"bpgPhoto \" > \r\n\t\t\t\t\t<a href=\"https:\/\/mojateporlavida.org\/wp-content\/uploads\/2017\/05\/2017-04-18-PHOTO-00001684.jpg\" class=\"lightbox\" data-title=\"\"><\/a>\r\n\t\t\t\t\t<div class=\"boldPhotoBox\"><div class=\"bpbItem\"><div class = \"btImage\"><img src=\"https:\/\/mojateporlavida.org\/wp-content\/uploads\/2017\/05\/2017-04-18-PHOTO-00001684.jpg\" alt=\"\" title=\"\"><\/div><\/div><\/div>\r\n\t\t\t\t\t<div class=\"captionPane btDarkSkin btTextCenter\">\r\n\t\t\t\t\t\t<div class=\"captionTable\">\r\n\t\t\t\t\t\t\t<div class=\"captionCell\">\r\n\t\t\t\t\t\t\t\t<div class=\"captionTxt\"><\/div>\r\n\t\t\t\t\t\t\t<\/div>\r\n\t\t\t\t\t\t<\/div>\r\n\t\t\t\t\t<\/div><\/div><\/div><\/div><div class=\"gridItem btGhostSliderThumb bt11\" data-order-num=\"0\"><div class=\"btTileBox\"><div class=\"bpgPhoto \" > \r\n\t\t\t\t\t<a href=\"https:\/\/mojateporlavida.org\/wp-content\/uploads\/2017\/05\/2017-04-18-PHOTO-00001680.jpg\" class=\"lightbox\" data-title=\"\"><\/a>\r\n\t\t\t\t\t<div class=\"boldPhotoBox\"><div class=\"bpbItem\"><div class = \"btImage\"><img src=\"https:\/\/mojateporlavida.org\/wp-content\/uploads\/2017\/05\/2017-04-18-PHOTO-00001680-614x640.jpg\" alt=\"\" title=\"\"><\/div><\/div><\/div>\r\n\t\t\t\t\t<div class=\"captionPane btDarkSkin btTextCenter\">\r\n\t\t\t\t\t\t<div class=\"captionTable\">\r\n\t\t\t\t\t\t\t<div class=\"captionCell\">\r\n\t\t\t\t\t\t\t\t<div class=\"captionTxt\"><\/div>\r\n\t\t\t\t\t\t\t<\/div>\r\n\t\t\t\t\t\t<\/div>\r\n\t\t\t\t\t<\/div><\/div><\/div><\/div><div class=\"gridItem btGhostSliderThumb bt11\" data-order-num=\"1\"><div class=\"btTileBox\"><div class=\"bpgPhoto \" > \r\n\t\t\t\t\t<a href=\"https:\/\/mojateporlavida.org\/wp-content\/uploads\/2017\/05\/2017-04-18-PHOTO-00001681.jpg\" class=\"lightbox\" data-title=\"\"><\/a>\r\n\t\t\t\t\t<div class=\"boldPhotoBox\"><div class=\"bpbItem\"><div class = \"btImage\"><img src=\"https:\/\/mojateporlavida.org\/wp-content\/uploads\/2017\/05\/2017-04-18-PHOTO-00001681.jpg\" alt=\"\" title=\"\"><\/div><\/div><\/div>\r\n\t\t\t\t\t<div class=\"captionPane btDarkSkin btTextCenter\">\r\n\t\t\t\t\t\t<div class=\"captionTable\">\r\n\t\t\t\t\t\t\t<div class=\"captionCell\">\r\n\t\t\t\t\t\t\t\t<div class=\"captionTxt\"><\/div>\r\n\t\t\t\t\t\t\t<\/div>\r\n\t\t\t\t\t\t<\/div>\r\n\t\t\t\t\t<\/div><\/div><\/div><\/div><div class=\"gridItem btGhostSliderThumb bt11\" data-order-num=\"2\"><div class=\"btTileBox\"><div class=\"bpgPhoto \" > \r\n\t\t\t\t\t<a href=\"https:\/\/mojateporlavida.org\/wp-content\/uploads\/2017\/05\/2017-04-18-PHOTO-00001676.jpg\" class=\"lightbox\" data-title=\"\"><\/a>\r\n\t\t\t\t\t<div class=\"boldPhotoBox\"><div class=\"bpbItem\"><div class = \"btImage\"><img src=\"https:\/\/mojateporlavida.org\/wp-content\/uploads\/2017\/05\/2017-04-18-PHOTO-00001676.jpg\" alt=\"\" title=\"\"><\/div><\/div><\/div>\r\n\t\t\t\t\t<div class=\"captionPane btDarkSkin btTextCenter\">\r\n\t\t\t\t\t\t<div class=\"captionTable\">\r\n\t\t\t\t\t\t\t<div class=\"captionCell\">\r\n\t\t\t\t\t\t\t\t<div class=\"captionTxt\"><\/div>\r\n\t\t\t\t\t\t\t<\/div>\r\n\t\t\t\t\t\t<\/div>\r\n\t\t\t\t\t<\/div><\/div><\/div><\/div><div class=\"gridItem btGhostSliderThumb bt11\" data-order-num=\"3\"><div class=\"btTileBox\"><div class=\"bpgPhoto \" > \r\n\t\t\t\t\t<a href=\"https:\/\/mojateporlavida.org\/wp-content\/uploads\/2017\/05\/2017-04-18-PHOTO-00001677.jpg\" class=\"lightbox\" data-title=\"\"><\/a>\r\n\t\t\t\t\t<div class=\"boldPhotoBox\"><div class=\"bpbItem\"><div class = \"btImage\"><img src=\"https:\/\/mojateporlavida.org\/wp-content\/uploads\/2017\/05\/2017-04-18-PHOTO-00001677-315x640.jpg\" alt=\"\" title=\"\"><\/div><\/div><\/div>\r\n\t\t\t\t\t<div class=\"captionPane btDarkSkin btTextCenter\">\r\n\t\t\t\t\t\t<div class=\"captionTable\">\r\n\t\t\t\t\t\t\t<div class=\"captionCell\">\r\n\t\t\t\t\t\t\t\t<div class=\"captionTxt\"><\/div>\r\n\t\t\t\t\t\t\t<\/div>\r\n\t\t\t\t\t\t<\/div>\r\n\t\t\t\t\t<\/div><\/div><\/div><\/div><div class=\"gridItem btGhostSliderThumb bt11\" data-order-num=\"4\"><div class=\"btTileBox\"><div class=\"bpgPhoto \" > \r\n\t\t\t\t\t<a href=\"https:\/\/mojateporlavida.org\/wp-content\/uploads\/2017\/05\/2017-04-18-PHOTO-00001678.jpg\" class=\"lightbox\" data-title=\"\"><\/a>\r\n\t\t\t\t\t<div class=\"boldPhotoBox\"><div class=\"bpbItem\"><div class = \"btImage\"><img src=\"https:\/\/mojateporlavida.org\/wp-content\/uploads\/2017\/05\/2017-04-18-PHOTO-00001678.jpg\" alt=\"\" title=\"\"><\/div><\/div><\/div>\r\n\t\t\t\t\t<div class=\"captionPane btDarkSkin btTextCenter\">\r\n\t\t\t\t\t\t<div class=\"captionTable\">\r\n\t\t\t\t\t\t\t<div class=\"captionCell\">\r\n\t\t\t\t\t\t\t\t<div class=\"captionTxt\"><\/div>\r\n\t\t\t\t\t\t\t<\/div>\r\n\t\t\t\t\t\t<\/div>\r\n\t\t\t\t\t<\/div><\/div><\/div><\/div><\/div><div class=\"btClear btSeparator topSmallSpaced bottomSmallSpaced noBorder\" ><hr><\/div><\/div><\/div><\/div><\/div><\/div><\/div><\/div><\/section><section id=\"bt_section69f1fbbcc41e7\"  class=\"boldSection gutter\" ><div class=\"port\"><div class=\"boldCell\"><div class=\"boldCellInner\"><div class=\"boldRow \" ><div class=\"boldRowInner\"><div class=\"rowItem col-md-12 col-ms-12  btTextLeft\"  data-width=\"12\"><div class=\"rowItemContent\" ><div class=\"btTabs tabsHorizontal\"><ul class=\"tabsHeader\"><li><span>FORMACI\u00d3N<\/span><\/li><li><span>CC DEPORTIVO<\/span><\/li><li><span>TRABAJO<\/span><\/li><\/ul><div class=\"tabPanes tabPanesTabs\"><div class=\"tabPane\">\n\t\t\t<div class=\"tabAccordionContent\"><div class=\"btText\" ><p>Yolanda pertenece a la rama sanitaria y ha estudiado Enfermer\u00eda.<\/p>\n<\/div><\/div>\n\t\t<\/div><div class=\"tabPane\">\n\t\t\t<div class=\"tabAccordionContent\"><div class=\"btText\" ><p>Campeonatos andaluces master.<\/p>\n<p>Traves\u00edas :<\/p>\n<ul>\n<li>Circuito de Diputaci\u00f3n.<\/li>\n<li>Tabarca \u2014 santa pola ( 6 km) en los a\u00f1os 2012, 2013 y 2014.<\/li>\n<li>Cullera ( 10km) 2013<\/li>\n<li>Tabarca \u2014 Alicante (21km) 2014<\/li>\n<li>Cruce del estrecho de Gibraltar (16km) 2014<\/li>\n<li>Batalla de Rande ( 27km) 2016<\/li>\n<li>Traves\u00eda de los bomberos de Torremolinos ( 7km) 2016.<\/li>\n<li>Traves\u00eda de los puertos (13km) en Almer\u00eda, 2016.<\/li>\n<\/ul>\n<\/div><\/div>\n\t\t<\/div><div class=\"tabPane\">\n\t\t\t<div class=\"tabAccordionContent\"><div class=\"btText\" ><p><span class=\"_2yep\"><span id=\"m_4630211585177291352gmail-docs-internal-guid-71cfdf46-8a81-720a-80c7-fdca7acb57f7\">Actualmente trabaja como Enfermera de quir\u00f3fano en el hospital de Motril.<br \/>\n<\/span><\/span><\/p>\n<\/div><\/div>\n\t\t<\/div><\/div><\/div><\/div><\/div><\/div><\/div><\/div><\/div><\/div><\/section><section id=\"bt_section69f1fbbcc4720\"  class=\"boldSection gutter\" ><div class=\"port\"><div class=\"boldCell\"><div class=\"boldCellInner\"><div class=\"boldRow \" ><div class=\"boldRowInner\"><div class=\"rowItem col-md-12 col-ms-12  btTextLeft\"  data-width=\"12\"><div class=\"rowItemContent\" ><div class=\"btClear btSeparator topSmallSpaced bottomSmallSpaced noBorder\" ><hr><\/div><\/div><\/div><\/div><\/div><\/div><\/div><\/div><\/section>","protected":false},"excerpt":{"rendered":"","protected":false},"author":2,"featured_media":5446,"parent":1997,"menu_order":0,"comment_status":"closed","ping_status":"closed","template":"","meta":[],"_links":{"self":[{"href":"https:\/\/mojateporlavida.org\/index.php?rest_route=\/wp\/v2\/pages\/5437"}],"collection":[{"href":"https:\/\/mojateporlavida.org\/index.php?rest_route=\/wp\/v2\/pages"}],"about":[{"href":"https:\/\/mojateporlavida.org\/index.php?rest_route=\/wp\/v2\/types\/page"}],"author":[{"embeddable":true,"href":"https:\/\/mojateporlavida.org\/index.php?rest_route=\/wp\/v2\/users\/2"}],"replies":[{"embeddable":true,"href":"https:\/\/mojateporlavida.org\/index.php?rest_route=%2Fwp%2Fv2%2Fcomments&post=5437"}],"version-history":[{"count":11,"href":"https:\/\/mojateporlavida.org\/index.php?rest_route=\/wp\/v2\/pages\/5437\/revisions"}],"predecessor-version":[{"id":5462,"href":"https:\/\/mojateporlavida.org\/index.php?rest_route=\/wp\/v2\/pages\/5437\/revisions\/5462"}],"up":[{"embeddable":true,"href":"https:\/\/mojateporlavida.org\/index.php?rest_route=\/wp\/v2\/pages\/1997"}],"wp:featuredmedia":[{"embeddable":true,"href":"https:\/\/mojateporlavida.org\/index.php?rest_route=\/wp\/v2\/media\/5446"}],"wp:attachment":[{"href":"https:\/\/mojateporlavida.org\/index.php?rest_route=%2Fwp%2Fv2%2Fmedia&parent=5437"}],"curies":[{"name":"wp","href":"https:\/\/api.w.org\/{rel}","templated":true}]}}

4ª Nadadora invitada al Reto. Yolanda Jiménez

<section id="bt_section69f1fbbcc20b9" data-parallax="0" data-parallax-offset="0" class="boldSection topSpaced bottomSemiSpaced btDarkSkin gutter inherit btParallax wBackground cover btBackgroundOverlay btSolidDarkBackground" style="background-image:url('https://mojateporlavida.org/wp-content/uploads/2017/05/2017-04-18-PHOTO-00001685.jpg');"><div class="port"><div class="boldCell"><div class="boldCellInner"><div class="boldRow " ><div class="boldRowInner"><div class="rowItem col-md-3 col-sm-6 col-ms-12 btTextLeft animate animate-fadein animate-moveup btMiddleVertical"  data-width="3"><div class="rowItemContent" ><div class="bpgPhoto  btRoundedImage" ><div class = "btImage"><img src="https://mojateporlavida.org/wp-content/uploads/2017/05/2017-04-18-PHOTO-00001682.jpg" alt="" title=""></div></div><div class="btClear btSeparator bottomSemiSpaced noBorder" ><hr></div></div></div><div class="rowItem col-md-6 col-sm-12 btTextLeft animate animate-fadein animate-moveup btMiddleVertical"  data-width="6"><div class="rowItemContent" ><header class="header btClear large  btHeaderAccent3" ><div class="btSuperTitle"><span>NADADORA INVITADA</span></div><div class="dash"><h2><span class="headline">Yolanda Jiménez</span></h2></div></header><div class="btText" ><p><span class="il">Yolanda</span> Jiménez Cabrera. Nadadora por Motril (GRANADA).</p>
<p>El significado de su nombre se ajusta a su persona: » tierra de riqueza» que abraza al mar.<br />
<strong>MUJER</strong> Valiente, solidaria, generosa, luchadora, de grandes convicciones y donante de vida que en el nadar ha encontrado su <strong>PAZ</strong>.<br />
Amante del trabajo en equipo y en todo reto que se propone lo realiza poniendo <em>alma &amp; corazón</em>.</p>
<p style="text-align: center;"><strong><em>Yolanda se moja por la Vida. Y tú?</em></strong></p>
</div><div class="btIconImageRow" style="padding: 1em 0;"><span class="btIco btIcoFilledType btIcoSmallSize btAccent1Icon"><a href="https://www.facebook.com/yolanda.jimenezcabrera.3?ref=br_rs"  target="no_target" data-ico-fa="&#xf09a;" class="btIcoHolder"></a></span></div><div class="btClear btSeparator bottomSemiSpaced noBorder" ><hr></div></div></div><div class="rowItem col-md-3 col-sm-6 col-ms-12 btTextLeft animate animate-fadein animate-moveup btMiddleVertical btDoublePadding"  data-width="3"><div class="rowItemContent" ><div class="btClear btSeparator bottomSemiSpaced noBorder" ><hr></div><a href="mailto:yolandajim.zx@hotmail.com" class="btBtn btBtn btnOutlineStyle btndefaultColor btnSmall btnFullWidth btnRightPosition btnIco" ><span class="btnInnerText">CONTACT</span><span class="btIco "><span  data-ico-fa="&#xf003;" class="btIcoHolder"></span></span></a><div class="btClear btSeparator topSmallSpaced noBorder" ><hr></div></div></div></div></div></div></div></div></section><section id="bt_section69f1fbbcc2d39"  class="boldSection topSpaced bottomSpaced gutter inherit" ><div class="port"><div class="boldCell"><div class="boldCellInner"><div class="boldRow " ><div class="boldRowInner"><div class="rowItem btRightBorder col-md-12 col-ms-12  btTextLeft animate animate-fadein btTopVertical"  data-width="12"><div class="rowItemContent" ><header class="header btClear large  btHeaderAccent4" ><div class="dash"><h2><span class="headline">BIOGRAFÍA</span></h2></div></header><div class="btText" ><p dir="ltr">Motivación:<br />
La principal es la de poder ayudar a través de mi pasión por la natación y a su vez poder transmitir el valor de ser solidario a mis HIJOS.</p>
<p style="text-align: center;"><strong>“Yo Me Mojo por la Vida, y tú?”</strong></p>
</div><div class="btClear btSeparator topSmallSpaced bottomSmallSpaced noBorder" ><hr></div><div class="tilesWall btGridGallery tiled  btGridGap-5 lightbox" data-col="3"><div class="gridSizer"></div><div class="gridItem btGhostSliderThumb bt11" data-order-num="-1"><div class="btTileBox"><div class="bpgPhoto " > 
					<a href="https://mojateporlavida.org/wp-content/uploads/2017/05/2017-04-18-PHOTO-00001684.jpg" class="lightbox" data-title=""></a>
					<div class="boldPhotoBox"><div class="bpbItem"><div class = "btImage"><img src="https://mojateporlavida.org/wp-content/uploads/2017/05/2017-04-18-PHOTO-00001684.jpg" alt="" title=""></div></div></div>
					<div class="captionPane btDarkSkin btTextCenter">
						<div class="captionTable">
							<div class="captionCell">
								<div class="captionTxt"></div>
							</div>
						</div>
					</div></div></div></div><div class="gridItem btGhostSliderThumb bt11" data-order-num="0"><div class="btTileBox"><div class="bpgPhoto " > 
					<a href="https://mojateporlavida.org/wp-content/uploads/2017/05/2017-04-18-PHOTO-00001680.jpg" class="lightbox" data-title=""></a>
					<div class="boldPhotoBox"><div class="bpbItem"><div class = "btImage"><img src="https://mojateporlavida.org/wp-content/uploads/2017/05/2017-04-18-PHOTO-00001680-614x640.jpg" alt="" title=""></div></div></div>
					<div class="captionPane btDarkSkin btTextCenter">
						<div class="captionTable">
							<div class="captionCell">
								<div class="captionTxt"></div>
							</div>
						</div>
					</div></div></div></div><div class="gridItem btGhostSliderThumb bt11" data-order-num="1"><div class="btTileBox"><div class="bpgPhoto " > 
					<a href="https://mojateporlavida.org/wp-content/uploads/2017/05/2017-04-18-PHOTO-00001681.jpg" class="lightbox" data-title=""></a>
					<div class="boldPhotoBox"><div class="bpbItem"><div class = "btImage"><img src="https://mojateporlavida.org/wp-content/uploads/2017/05/2017-04-18-PHOTO-00001681.jpg" alt="" title=""></div></div></div>
					<div class="captionPane btDarkSkin btTextCenter">
						<div class="captionTable">
							<div class="captionCell">
								<div class="captionTxt"></div>
							</div>
						</div>
					</div></div></div></div><div class="gridItem btGhostSliderThumb bt11" data-order-num="2"><div class="btTileBox"><div class="bpgPhoto " > 
					<a href="https://mojateporlavida.org/wp-content/uploads/2017/05/2017-04-18-PHOTO-00001676.jpg" class="lightbox" data-title=""></a>
					<div class="boldPhotoBox"><div class="bpbItem"><div class = "btImage"><img src="https://mojateporlavida.org/wp-content/uploads/2017/05/2017-04-18-PHOTO-00001676.jpg" alt="" title=""></div></div></div>
					<div class="captionPane btDarkSkin btTextCenter">
						<div class="captionTable">
							<div class="captionCell">
								<div class="captionTxt"></div>
							</div>
						</div>
					</div></div></div></div><div class="gridItem btGhostSliderThumb bt11" data-order-num="3"><div class="btTileBox"><div class="bpgPhoto " > 
					<a href="https://mojateporlavida.org/wp-content/uploads/2017/05/2017-04-18-PHOTO-00001677.jpg" class="lightbox" data-title=""></a>
					<div class="boldPhotoBox"><div class="bpbItem"><div class = "btImage"><img src="https://mojateporlavida.org/wp-content/uploads/2017/05/2017-04-18-PHOTO-00001677-315x640.jpg" alt="" title=""></div></div></div>
					<div class="captionPane btDarkSkin btTextCenter">
						<div class="captionTable">
							<div class="captionCell">
								<div class="captionTxt"></div>
							</div>
						</div>
					</div></div></div></div><div class="gridItem btGhostSliderThumb bt11" data-order-num="4"><div class="btTileBox"><div class="bpgPhoto " > 
					<a href="https://mojateporlavida.org/wp-content/uploads/2017/05/2017-04-18-PHOTO-00001678.jpg" class="lightbox" data-title=""></a>
					<div class="boldPhotoBox"><div class="bpbItem"><div class = "btImage"><img src="https://mojateporlavida.org/wp-content/uploads/2017/05/2017-04-18-PHOTO-00001678.jpg" alt="" title=""></div></div></div>
					<div class="captionPane btDarkSkin btTextCenter">
						<div class="captionTable">
							<div class="captionCell">
								<div class="captionTxt"></div>
							</div>
						</div>
					</div></div></div></div></div><div class="btClear btSeparator topSmallSpaced bottomSmallSpaced noBorder" ><hr></div></div></div></div></div></div></div></div></section><section id="bt_section69f1fbbcc41e7"  class="boldSection gutter" ><div class="port"><div class="boldCell"><div class="boldCellInner"><div class="boldRow " ><div class="boldRowInner"><div class="rowItem col-md-12 col-ms-12  btTextLeft"  data-width="12"><div class="rowItemContent" ><div class="btTabs tabsHorizontal"><ul class="tabsHeader"><li><span>FORMACIÓN</span></li><li><span>CC DEPORTIVO</span></li><li><span>TRABAJO</span></li></ul><div class="tabPanes tabPanesTabs"><div class="tabPane">
			<div class="tabAccordionContent"><div class="btText" ><p>Yolanda pertenece a la rama sanitaria y ha estudiado Enfermería.</p>
</div></div>
		</div><div class="tabPane">
			<div class="tabAccordionContent"><div class="btText" ><p>Campeonatos andaluces master.</p>
<p>Travesías :</p>
<ul>
<li>Circuito de Diputación.</li>
<li>Tabarca — santa pola ( 6 km) en los años 2012, 2013 y 2014.</li>
<li>Cullera ( 10km) 2013</li>
<li>Tabarca — Alicante (21km) 2014</li>
<li>Cruce del estrecho de Gibraltar (16km) 2014</li>
<li>Batalla de Rande ( 27km) 2016</li>
<li>Travesía de los bomberos de Torremolinos ( 7km) 2016.</li>
<li>Travesía de los puertos (13km) en Almería, 2016.</li>
</ul>
</div></div>
		</div><div class="tabPane">
			<div class="tabAccordionContent"><div class="btText" ><p><span class="_2yep"><span id="m_4630211585177291352gmail-docs-internal-guid-71cfdf46-8a81-720a-80c7-fdca7acb57f7">Actualmente trabaja como Enfermera de quirófano en el hospital de Motril.<br />
</span></span></p>
</div></div>
		</div></div></div></div></div></div></div></div></div></div></section><section id="bt_section69f1fbbcc4720"  class="boldSection gutter" ><div class="port"><div class="boldCell"><div class="boldCellInner"><div class="boldRow " ><div class="boldRowInner"><div class="rowItem col-md-12 col-ms-12  btTextLeft"  data-width="12"><div class="rowItemContent" ><div class="btClear btSeparator topSmallSpaced bottomSmallSpaced noBorder" ><hr></div></div></div></div></div></div></div></div></section>
