{"id":3716,"date":"2017-01-28T01:23:37","date_gmt":"2017-01-28T00:23:37","guid":{"rendered":"http:\/\/mojateporlavida.org\/?page_id=3716"},"modified":"2019-02-21T19:44:41","modified_gmt":"2019-02-21T18:44:41","slug":"cris","status":"publish","type":"page","link":"https:\/\/mojateporlavida.org\/?page_id=3716","title":{"rendered":"CRIS"},"content":{"rendered":"<section id=\"bt_section69f7029e215f8\"  class=\"boldSection topLargeSpaced bottomSpaced gutter inherit\" ><div class=\"port\"><div class=\"boldCell\"><div class=\"boldCellInner\"><div class=\"boldRow \" ><div class=\"boldRowInner\"><div class=\"rowItem col-md-6 col-sm-12 btTextLeft animate animate-fadein inherit\"  data-width=\"6\"><div class=\"rowItemContent\" ><header class=\"header btClear large  btHeaderAccent3\" ><div class=\"btSuperTitle\"><span>APOYAMOS CON NUESTRO RETO A&#8230;<\/span><\/div><div class=\"dash\"><h2><span class=\"headline\">FUNDACI\u00d3N CRIS<\/span><\/h2><\/div><div class=\"btSubTitle\"> Una vez Creada la UNIDAD de Terapias avanzadas para C\u00e1ncer Infantil en el Hospital de la Paz en Madrid AY\u00daDANOS a dotarla del personal investigador y cl\u00ednico necesario, necesitamos los FONDOS para poder hacerla realidad.<br>\u00a1M\u00f3jate con nosotros!<\/div><\/header><\/div><\/div><div class=\"rowItem col-md-6 col-sm-12 btTextLeft\"  data-width=\"6\"><div class=\"rowItemContent\" ><div class=\"bpgPhoto  btHasTitles\" > \r\n\t\t\t\t\t<a href=\"https:\/\/solidarios.criscancer.org\/fundraisers\/cruce-a-nado-islas-formentera-ibiza-2019\/\" target=\"_self\" title=\"\u00a1M\u00d3JATE!\"><\/a>\r\n\t\t\t\t\t<div class=\"boldPhotoBox\"><div class=\"bpbItem\"><div class = \"btImage\"><img src=\"https:\/\/mojateporlavida.org\/wp-content\/uploads\/2017\/01\/logo-CRIS_web-copia-640x480.jpg\" alt=\"\" title=\"\u00a1M\u00d3JATE!\"><\/div><\/div><\/div>\r\n\t\t\t\t\t<div class=\"captionPane btDarkSkin btTextCenter\">\r\n\t\t\t\t\t\t<div class=\"captionTable\">\r\n\t\t\t\t\t\t\t<div class=\"captionCell\">\r\n\t\t\t\t\t\t\t\t<div class=\"captionTxt\"><header class=\"header btClear extrasmall\" ><div class=\"dash\"><h4><span class=\"headline\">\u00a1M\u00d3JATE!<\/span><\/h4><\/div><\/header><\/div>\r\n\t\t\t\t\t\t\t<\/div>\r\n\t\t\t\t\t\t<\/div>\r\n\t\t\t\t\t<\/div>\r\n\t\t\t\t\t\t<div class=\"btShowTitle\">\r\n\t\t\t\t\t\t\t<div class=\"btShowTitleCaptionTxt\"><header class=\"header btClear small\" ><div class=\"dash\"><h4><span class=\"headline\">\u00a1M\u00d3JATE!<\/span><\/h4><\/div><\/header><\/div>\r\n\t\t\t\t\t\t<\/div><\/div><\/div><\/div><\/div><\/div><div class=\"boldRow \" ><div class=\"boldRowInner\"><div class=\"rowItem col-md-12 col-ms-12  btTextLeft\"  data-width=\"12\"><div class=\"rowItemContent\" ><div class=\"btClear btSeparator topSemiSpaced bottomSmallSpaced noBorder\" ><hr><\/div><\/div><\/div><\/div><\/div><div class=\"boldRow \" ><div class=\"boldRowInner\"><div class=\"rowItem col-md-3 col-sm-6 col-ms-12 btTextLeft animate animate-fadein animate-moveup btTopVertical\"  data-width=\"3\"><div class=\"rowItemContent\" ><div class=\"btIconImageRow\" ><span class=\"btIco btIcoFilledType btIcoLargeSize btAccent1Icon\"><span  data-ico-fa=\"&#xf1d8;\" class=\"btIcoHolder\"><\/span><\/span><\/div><div class=\"btClear btSeparator topSemiSpaced noBorder\" ><hr><\/div><header class=\"header btClear medium\" ><div class=\"dash\"><h3><span class=\"headline\">OBJETIVO<\/span><\/h3><\/div><\/header><div class=\"btText\" ><p><strong>La Unidad tiene como objetivo principal conseguir tratamientos personalizados para los casos m\u00e1s dif\u00edciles de c\u00e1ncer infantil.<\/strong><\/p>\n<\/div><div class=\"btClear btSeparator topSpaced bottomSmallSpaced noBorder\" ><hr><\/div><\/div><\/div><div class=\"rowItem col-md-3 col-sm-6 col-ms-12 btTextLeft animate animate-fadein animate-moveup btTopVertical\"  data-width=\"3\"><div class=\"rowItemContent\" ><div class=\"btIconImageRow\" ><span class=\"btIco btIcoFilledType btIcoLargeSize btAccent2Icon\"><a href=\"https:\/\/www.youtube.com\/watch?v=kOIO0Jo8sWs\"  target=\"no_target\" data-ico-fa=\"&#xf03d;\" class=\"btIcoHolder\"><\/a><\/span><\/div><div class=\"btClear btSeparator topSemiSpaced noBorder\" ><hr><\/div><header class=\"header btClear medium\" ><div class=\"dash\"><h3><span class=\"headline\">V\u00cdDEO SOBRE LA UNIDAD<\/span><\/h3><\/div><\/header><div class=\"btText\" ><p>Aqu\u00ed puedes ver un v\u00eddeo sobre el proyecto de la Unidad de Terapias Avanzadas.<\/p>\n<\/div><div class=\"btClear btSeparator topSpaced bottomSmallSpaced noBorder\" ><hr><\/div><\/div><\/div><div class=\"rowItem col-md-3 col-sm-6 col-ms-12 btTextLeft animate animate-fadein animate-moveup btTopVertical\"  data-width=\"3\"><div class=\"rowItemContent\" ><div class=\"btIconImageRow\" ><span class=\"btIco btIcoFilledType btIcoLargeSize btAccent3Icon\"><a href=\"https:\/\/www.youtube.com\/watch?v=DCcmOhJXEjs\"  target=\"no_target\" data-ico-fa=\"&#xf03d;\" class=\"btIcoHolder\"><\/a><\/span><\/div><div class=\"btClear btSeparator topSemiSpaced noBorder\" ><hr><\/div><header class=\"header btClear medium\" ><div class=\"dash\"><h3><span class=\"headline\">YO SOY CRIS<\/span><\/h3><\/div><\/header><div class=\"btText\" ><p>Caras famosas apoyaron a la Fundaci\u00f3n Cris.<\/p>\n<\/div><div class=\"btClear btSeparator topSpaced bottomSmallSpaced noBorder\" ><hr><\/div><\/div><\/div><div class=\"rowItem col-md-3 col-sm-6 col-ms-12 btTextLeft animate animate-fadein animate-moveup btTopVertical\"  data-width=\"3\"><div class=\"rowItemContent\" ><div class=\"btIconImageRow\" ><span class=\"btIco btIcoFilledType btIcoLargeSize btAccent4Icon\"><a href=\"https:\/\/solidarios.criscancer.org\/fundraisers\/cruce-a-nado-islas-formentera-ibiza-2019\"  target=\"no_target\" data-ico-fa=\"&#xf1b3;\" class=\"btIcoHolder\"><\/a><\/span><\/div><div class=\"btClear btSeparator topSemiSpaced noBorder\" ><hr><\/div><header class=\"header btClear medium\" ><div class=\"btSuperTitle\"><span>DONAR MEDIANTE<\/span><\/div><div class=\"dash\"><h3><span class=\"headline\">CROUDFUNDING<\/span><\/h3><\/div><\/header><div class=\"btText\" ><p>La forma directa de colaborar con nuestro Reto Deportivo y su fin social, es utilizando la plataforma de donaci\u00f3n que la Fundaci\u00f3n Cris pone a nuestra disposici\u00f3n.Puedes hacer tus aportaciones directamente para el proyecto seleccionado, obtener recibo de donaci\u00f3n, hacer comentarios y realizar un seguimiento de lo recaudado.<\/p>\n<\/div><div class=\"btClear btSeparator topSpaced bottomSmallSpaced noBorder\" ><hr><\/div><\/div><\/div><\/div><\/div><\/div><\/div><\/div><\/section><section id=\"bt_section69f7029e22876\"  class=\"boldSection btDarkSkin inherit\" style=\"background-color: transparent;\"><div class=\"port\"><div class=\"boldCell\"><div class=\"boldCellInner\"><\/div><\/div><\/div><\/section>","protected":false},"excerpt":{"rendered":"","protected":false},"author":2,"featured_media":3823,"parent":0,"menu_order":0,"comment_status":"closed","ping_status":"closed","template":"","meta":[],"_links":{"self":[{"href":"https:\/\/mojateporlavida.org\/index.php?rest_route=\/wp\/v2\/pages\/3716"}],"collection":[{"href":"https:\/\/mojateporlavida.org\/index.php?rest_route=\/wp\/v2\/pages"}],"about":[{"href":"https:\/\/mojateporlavida.org\/index.php?rest_route=\/wp\/v2\/types\/page"}],"author":[{"embeddable":true,"href":"https:\/\/mojateporlavida.org\/index.php?rest_route=\/wp\/v2\/users\/2"}],"replies":[{"embeddable":true,"href":"https:\/\/mojateporlavida.org\/index.php?rest_route=%2Fwp%2Fv2%2Fcomments&post=3716"}],"version-history":[{"count":19,"href":"https:\/\/mojateporlavida.org\/index.php?rest_route=\/wp\/v2\/pages\/3716\/revisions"}],"predecessor-version":[{"id":6750,"href":"https:\/\/mojateporlavida.org\/index.php?rest_route=\/wp\/v2\/pages\/3716\/revisions\/6750"}],"wp:featuredmedia":[{"embeddable":true,"href":"https:\/\/mojateporlavida.org\/index.php?rest_route=\/wp\/v2\/media\/3823"}],"wp:attachment":[{"href":"https:\/\/mojateporlavida.org\/index.php?rest_route=%2Fwp%2Fv2%2Fmedia&parent=3716"}],"curies":[{"name":"wp","href":"https:\/\/api.w.org\/{rel}","templated":true}]}}

<section id="bt_section69f7029e215f8"  class="boldSection topLargeSpaced bottomSpaced gutter inherit" ><div class="port"><div class="boldCell"><div class="boldCellInner"><div class="boldRow " ><div class="boldRowInner"><div class="rowItem col-md-6 col-sm-12 btTextLeft animate animate-fadein inherit"  data-width="6"><div class="rowItemContent" ><header class="header btClear large  btHeaderAccent3" ><div class="btSuperTitle"><span>APOYAMOS CON NUESTRO RETO A&#8230;</span></div><div class="dash"><h2><span class="headline">FUNDACIÓN CRIS</span></h2></div><div class="btSubTitle"> Una vez Creada la UNIDAD de Terapias avanzadas para Cáncer Infantil en el Hospital de la Paz en Madrid AYÚDANOS a dotarla del personal investigador y clínico necesario, necesitamos los FONDOS para poder hacerla realidad.<br>¡Mójate con nosotros!</div></header></div></div><div class="rowItem col-md-6 col-sm-12 btTextLeft"  data-width="6"><div class="rowItemContent" ><div class="bpgPhoto  btHasTitles" > 
					<a href="https://solidarios.criscancer.org/fundraisers/cruce-a-nado-islas-formentera-ibiza-2019/" target="_self" title="¡MÓJATE!"></a>
					<div class="boldPhotoBox"><div class="bpbItem"><div class = "btImage"><img src="https://mojateporlavida.org/wp-content/uploads/2017/01/logo-CRIS_web-copia-640x480.jpg" alt="" title="¡MÓJATE!"></div></div></div>
					<div class="captionPane btDarkSkin btTextCenter">
						<div class="captionTable">
							<div class="captionCell">
								<div class="captionTxt"><header class="header btClear extrasmall" ><div class="dash"><h4><span class="headline">¡MÓJATE!</span></h4></div></header></div>
							</div>
						</div>
					</div>
						<div class="btShowTitle">
							<div class="btShowTitleCaptionTxt"><header class="header btClear small" ><div class="dash"><h4><span class="headline">¡MÓJATE!</span></h4></div></header></div>
						</div></div></div></div></div></div><div class="boldRow " ><div class="boldRowInner"><div class="rowItem col-md-12 col-ms-12  btTextLeft"  data-width="12"><div class="rowItemContent" ><div class="btClear btSeparator topSemiSpaced bottomSmallSpaced noBorder" ><hr></div></div></div></div></div><div class="boldRow " ><div class="boldRowInner"><div class="rowItem col-md-3 col-sm-6 col-ms-12 btTextLeft animate animate-fadein animate-moveup btTopVertical"  data-width="3"><div class="rowItemContent" ><div class="btIconImageRow" ><span class="btIco btIcoFilledType btIcoLargeSize btAccent1Icon"><span  data-ico-fa="&#xf1d8;" class="btIcoHolder"></span></span></div><div class="btClear btSeparator topSemiSpaced noBorder" ><hr></div><header class="header btClear medium" ><div class="dash"><h3><span class="headline">OBJETIVO</span></h3></div></header><div class="btText" ><p><strong>La Unidad tiene como objetivo principal conseguir tratamientos personalizados para los casos más difíciles de cáncer infantil.</strong></p>
</div><div class="btClear btSeparator topSpaced bottomSmallSpaced noBorder" ><hr></div></div></div><div class="rowItem col-md-3 col-sm-6 col-ms-12 btTextLeft animate animate-fadein animate-moveup btTopVertical"  data-width="3"><div class="rowItemContent" ><div class="btIconImageRow" ><span class="btIco btIcoFilledType btIcoLargeSize btAccent2Icon"><a href="https://www.youtube.com/watch?v=kOIO0Jo8sWs"  target="no_target" data-ico-fa="&#xf03d;" class="btIcoHolder"></a></span></div><div class="btClear btSeparator topSemiSpaced noBorder" ><hr></div><header class="header btClear medium" ><div class="dash"><h3><span class="headline">VÍDEO SOBRE LA UNIDAD</span></h3></div></header><div class="btText" ><p>Aquí puedes ver un vídeo sobre el proyecto de la Unidad de Terapias Avanzadas.</p>
</div><div class="btClear btSeparator topSpaced bottomSmallSpaced noBorder" ><hr></div></div></div><div class="rowItem col-md-3 col-sm-6 col-ms-12 btTextLeft animate animate-fadein animate-moveup btTopVertical"  data-width="3"><div class="rowItemContent" ><div class="btIconImageRow" ><span class="btIco btIcoFilledType btIcoLargeSize btAccent3Icon"><a href="https://www.youtube.com/watch?v=DCcmOhJXEjs"  target="no_target" data-ico-fa="&#xf03d;" class="btIcoHolder"></a></span></div><div class="btClear btSeparator topSemiSpaced noBorder" ><hr></div><header class="header btClear medium" ><div class="dash"><h3><span class="headline">YO SOY CRIS</span></h3></div></header><div class="btText" ><p>Caras famosas apoyaron a la Fundación Cris.</p>
</div><div class="btClear btSeparator topSpaced bottomSmallSpaced noBorder" ><hr></div></div></div><div class="rowItem col-md-3 col-sm-6 col-ms-12 btTextLeft animate animate-fadein animate-moveup btTopVertical"  data-width="3"><div class="rowItemContent" ><div class="btIconImageRow" ><span class="btIco btIcoFilledType btIcoLargeSize btAccent4Icon"><a href="https://solidarios.criscancer.org/fundraisers/cruce-a-nado-islas-formentera-ibiza-2019"  target="no_target" data-ico-fa="&#xf1b3;" class="btIcoHolder"></a></span></div><div class="btClear btSeparator topSemiSpaced noBorder" ><hr></div><header class="header btClear medium" ><div class="btSuperTitle"><span>DONAR MEDIANTE</span></div><div class="dash"><h3><span class="headline">CROUDFUNDING</span></h3></div></header><div class="btText" ><p>La forma directa de colaborar con nuestro Reto Deportivo y su fin social, es utilizando la plataforma de donación que la Fundación Cris pone a nuestra disposición.Puedes hacer tus aportaciones directamente para el proyecto seleccionado, obtener recibo de donación, hacer comentarios y realizar un seguimiento de lo recaudado.</p>
</div><div class="btClear btSeparator topSpaced bottomSmallSpaced noBorder" ><hr></div></div></div></div></div></div></div></div></section><section id="bt_section69f7029e22876"  class="boldSection btDarkSkin inherit" style="background-color: transparent;"><div class="port"><div class="boldCell"><div class="boldCellInner"></div></div></div></section>
