{"id":4831,"date":"2017-04-02T21:41:35","date_gmt":"2017-04-02T20:41:35","guid":{"rendered":"http:\/\/mojateporlavida.org\/?page_id=4831"},"modified":"2017-05-24T17:33:44","modified_gmt":"2017-05-24T15:33:44","slug":"proyecto","status":"publish","type":"page","link":"http:\/\/mojateporlavida.org\/?page_id=4831","title":{"rendered":"Proyecto"},"content":{"rendered":"<section id=\"bt_section69f39e3f8cb9a\"  class=\"boldSection gutter\" ><div class=\"port\"><div class=\"boldCell\"><div class=\"boldCellInner\"><div class=\"boldRow \" ><div class=\"boldRowInner\"><div class=\"rowItem col-md-4 col-ms-12 btTextLeft\"  data-width=\"4\"><div class=\"rowItemContent\" ><div class=\"bpgPhoto \" ><div class = \"btImage\"><img src=\"http:\/\/mojateporlavida.org\/wp-content\/uploads\/2017\/02\/Mojatelogocuadradoblanco-b-640x640.png\" alt=\"\" title=\"\"><\/div><\/div><\/div><\/div><div class=\"rowItem col-md-4 col-ms-12 btTextLeft\"  data-width=\"4\"><div class=\"rowItemContent\" ><div class=\"bpgPhoto \" ><div class = \"btImage\"><img src=\"http:\/\/mojateporlavida.org\/wp-content\/uploads\/2017\/01\/PESCARTES-640x698.jpg\" alt=\"\" title=\"\"><\/div><\/div><\/div><\/div><div class=\"rowItem col-md-4 col-ms-12 btTextLeft\"  data-width=\"4\"><div class=\"rowItemContent\" ><div class=\"bpgPhoto \" ><div class = \"btImage\"><img src=\"http:\/\/mojateporlavida.org\/wp-content\/uploads\/2017\/01\/logo-CRIS_web-copia-640x447.jpg\" alt=\"\" title=\"\"><\/div><\/div><\/div><\/div><\/div><\/div><\/div><\/div><\/div><\/section><section id=\"bt_section69f39e3f8d4e4\"  class=\"boldSection gutter inherit\" style=\"background-color:#dd9933;\"><div class=\"port\"><div class=\"boldCell\"><div class=\"boldCellInner\"><div class=\"boldRow \" ><div class=\"boldRowInner\"><div class=\"rowItem col-md-12 col-ms-12  btTextLeft btHighlightShadow btMiddleVertical\"  data-width=\"12\"><div class=\"rowItemContent\" ><div class=\"btText\" ><h2><span style=\"color: #ffffff;\"><cite>\u00a0\u00a0\u00a0\u00a0 <\/cite><\/span><\/h2>\n<h2><span style=\"color: #ffffff;\"><cite>\u00a0\u00a0 M\u00f3jate por la Vida, es una gran aventura de personas normales como t\u00fa, que quieren colaborar con los verdaderos h\u00e9roes de toda esta iniciativa, los profesionales de la sanidad, aportando ilusi\u00f3n, apoyo y fondos necesarios, para ayudar a los grandes protagonistas: los ni\u00f1os y ni\u00f1as afectados por el C\u00e1ncer. \u00bfTe mojas con nosotros?<\/cite><\/span><\/h2>\n<blockquote>\n<p style=\"text-align: center;\"><span style=\"color: #ffffff;\"><strong><cite>Yo me mojo por la vida. \u00bfY t\u00fa?<\/cite><\/strong><\/span><\/p>\n<p style=\"text-align: center;\"><span style=\"color: #ffffff;\"><em><strong>#mojateporlavida<\/strong><\/em><\/span><\/p>\n<\/blockquote>\n<\/div><\/div><\/div><\/div><\/div><\/div><\/div><\/div><\/section><section id=\"bt_section69f39e3f8d9ee\"  class=\"boldSection topSpaced gutter inherit\" ><div class=\"port\"><div class=\"boldCell\"><div class=\"boldCellInner\"><div class=\"boldRow visible-md visible-lg visible-xl\" ><div class=\"boldRowInner\"><div class=\"rowItem col-md-3 col-sm-6 col-ms-12 btTextLeft animate animate-fadein animate-moveright inherit\" style=\"background-color: rgba(79, 180, 205, 1); \" data-width=\"3\"><div class=\"rowItemContent\" ><div class=\"btClear btSeparator topExtraSmallSpaced noBorder\"  style=\"padding-top: 4px;\"><hr><\/div><\/div><\/div><div class=\"rowItem col-md-3 col-sm-6 col-ms-12 btTextLeft animate animate-fadein animate-moveright inherit\" style=\"background-color: rgba(68, 194, 115, 1); \" data-width=\"3\"><div class=\"rowItemContent\" ><div class=\"btClear btSeparator topExtraSmallSpaced noBorder\"  style=\"padding-top: 4px;\"><hr><\/div><\/div><\/div><div class=\"rowItem col-md-3 col-sm-6 col-ms-12 btTextLeft animate animate-fadein animate-moveright inherit\" style=\"background-color: rgba(219, 94, 55, 1); \" data-width=\"3\"><div class=\"rowItemContent\" ><div class=\"btClear btSeparator topExtraSmallSpaced noBorder\"  style=\"padding-top: 4px;\"><hr><\/div><\/div><\/div><div class=\"rowItem col-md-3 col-sm-6 col-ms-12 btTextLeft animate animate-fadein animate-moveright inherit\" style=\"background-color: rgba(218, 167, 34, 1); \" data-width=\"3\"><div class=\"rowItemContent\" ><div class=\"btClear btSeparator topExtraSmallSpaced noBorder\"  style=\"padding-top: 4px;\"><hr><\/div><\/div><\/div><\/div><\/div><\/div><\/div><\/div><\/section><section id=\"bt_section69f39e3f8dc64\"  class=\"boldSection topSpaced bottomSpaced gutter inherit\" style=\"background-color:#ffffff;\"><div class=\"port\"><div class=\"boldCell\"><div class=\"boldCellInner\"><div class=\"boldRow \" ><div class=\"boldRowInner\"><div class=\"rowItem col-md-4 col-ms-12 btTextLeft\"  data-width=\"4\"><div class=\"rowItemContent\" ><div class=\"btClear btSeparator topSemiSpaced bottomSemiSpaced border\" ><hr><\/div><div class=\"btText\" ><p><iframe loading=\"lazy\" width=\"1200\" height=\"675\" src=\"https:\/\/www.youtube.com\/embed\/kOIO0Jo8sWs?feature=oembed\" frameborder=\"0\" allow=\"accelerometer; autoplay; encrypted-media; gyroscope; picture-in-picture\" allowfullscreen><\/iframe><\/p>\n<\/div><div class=\"btClear btSeparator topExtraSmallSpaced bottomExtraSmallSpaced border\" ><hr><\/div><div class=\"btText\" ><p><iframe loading=\"lazy\" width=\"1200\" height=\"675\" src=\"https:\/\/www.youtube.com\/embed\/tF_oKJmZp_M?feature=oembed\" frameborder=\"0\" allow=\"accelerometer; autoplay; encrypted-media; gyroscope; picture-in-picture\" allowfullscreen><\/iframe><\/p>\n<\/div><\/div><\/div><div class=\"rowItem col-md-8 col-ms-12 btTextLeft\"  data-width=\"8\"><div class=\"rowItemContent\" ><div class=\"btClear btSeparator topSmallSpaced bottomSemiSpaced noBorder\" ><hr><\/div><header class=\"header btClear small  btHeaderAccent1\" ><div class=\"dash\"><h4><span class=\"headline\">EL PROYECTO AL QUE APOYAMOS<\/span><\/h4><\/div><\/header><div class=\"btText\" ><p>Con esta iniciativa, pretendemos ayudar al Proyecto de la Fundaci\u00f3n CRIS Contra el C\u00e1ncer: \u00abUNIDAD DE\u00a0 TERAPIAS AVANZADAS EN\u00a0 C\u00c1NCER INFANTIL DEL HOSPITAL LA PAZ\u00bb.<br \/>\nEsta unidad multidisciplinar se iniciar\u00e1 en 2017 y permitir\u00e1 a los ni\u00f1os sin tratamiento acceder a los nuevos descubrimientos de la investigaci\u00f3n y participar en ensayos cl\u00ednicos que pueden suponer una esperanza para ellos.<\/p>\n<p>Nuestro Proyecto Solidario Deportivo, es una de las iniciativas a nivel nacional, que colaboran con la fundaci\u00f3n Cris.<br \/>\n<strong><br \/>\nEl coste total del proyecto Unidad de Ter\u00e1pias Avanzadas a 3 a\u00f1os es de 1.287.500\u20ac y necesitamos de vuestra ayuda para conseguirlo. <\/strong><\/p>\n<p>La Unidad se ubicar\u00e1 en el Hospital La Paz, centro p\u00fablico de referencia en pediatr\u00eda desde 1964 en Madrid, con la mejor reputaci\u00f3n en Espa\u00f1a, colabora con la Universidad Aut\u00f3noma de Madrid, una de las m\u00e1s valoradas en el pa\u00eds y tambi\u00e9n con el Instituto de Investigaci\u00f3n IdiPAZ.<\/p>\n<p>Es una unidad multidisciplinar que implica a los siguientes departamentos del Hospital: :<\/p>\n<ul>\n<li>De Hemato- Oncolog\u00eda Infantil de Inmunolog\u00eda Unidad de Terapia Celular y m\u00e9dula \u00f3sea del dpto.<\/li>\n<li>De Hematolog\u00eda de Cirug\u00eda Pedi\u00e1trica (oncol\u00f3gica y experimental)<\/li>\n<li>Unidad de Investigaci\u00f3n Cl\u00ednica y Ensayos Cl\u00ednicos (UCICEC) \u2013<\/li>\n<li>Servicio de Farmacolog\u00eda Cl\u00ednica.<\/li>\n<\/ul>\n<p>Se llevar\u00e1n a cabo estudios gen\u00e9tico e inmunol\u00f3gico del c\u00e1ncer infantil.<\/p>\n<p>Las siguientes enfermedades constituyen las prioridades inmediatas:<\/p>\n<ul>\n<li>Leucemia aguda y s\u00edndromes mieloproliferativos Inmunodeficiencias que pueden derivar en c\u00e1ncer e inmunodeficiencias debidas al tratamiento oncol\u00f3gico.<\/li>\n<li>Tumores s\u00f3lidos infantiles (sarcoma, neuroblastoma, tumores hep\u00e1ticos)<\/li>\n<li>Trasplante de progenitores hematopoy\u00e9ticos, muy importante debido a la escasez de donantes de m\u00e9dula.<\/li>\n<li>Complicaciones inmunol\u00f3gicas-hematol\u00f3gicas como resultado del trasplante de \u00f3rgano s\u00f3lido.<\/li>\n<\/ul>\n<p>El hospital La Paz es referencia en trasplantes infantiles de pulm\u00f3n, ri\u00f1\u00f3n, intestino y multiorg\u00e1nico, habiendo realizado m\u00e1s de 700 intervenciones.<br \/>\nLa estructura de la unidad ser\u00e1:<\/p>\n<p><strong>UNIDAD PRECL\u00cdNICA<\/strong> que permita realizar investigaci\u00f3n traslacional en Inmunolog\u00eda y Gen\u00e9tica para:Identificar nuevas dianas moleculares, gen\u00e9ticas e inmunol\u00f3gicas en la c\u00e9lulas madre iniciadoras del c\u00e1ncer (las que producen la met\u00e1stasis y causan la reca\u00edda del ni\u00f1o con leucemia).Desarrollar sistemas in vivo e in vitro para probar la eficacia de los tratamientos candidatos.<\/p>\n<p><strong>UNIDAD DE ENSAYOS CL\u00cdNICOS TEMPRANOS<\/strong> Hematolog\u00eda oncol\u00f3gica. Patolog\u00eda inmunol\u00f3gica en ni\u00f1os. Colaboraremos con otros hospitales, centros de investigaci\u00f3n y empresas de farma para desarrollar nuevos ensayos cl\u00ednicos y con nuevas mol\u00e9culas terap\u00e9uticas.<\/p>\n<p>Esta unidad realizar\u00e1 la parte investigadora y asistencial en las instalaciones del hospital y del IdIPAZ, pero se requiere:<\/p>\n<p>\u00c1rea de hospitalizaci\u00f3n exclusivamente dedicado a los ni\u00f1os con c\u00e1ncer hematol\u00f3gico (4 camas) Hospital de d\u00eda con 3-4 puestos para tratamientos ambulatorios, consulta y despachos para cl\u00ednicos, investigadores y monitor de ensayos cl\u00ednicos, almac\u00e9n para material, archivo, habitaci\u00f3n de residuos lugar de preparaci\u00f3n de las dosis de tratamiento, material de laboratorio y algunos instrumentos para la generaci\u00f3n de las c\u00e9lulas inmunes<\/p>\n<p>La puesta en marcha de esta unidad requerir\u00e1 de la creaci\u00f3n de las siguientes nuevas posiciones:<\/p>\n<p>Pediatra onco-hemat\u00f3logo Inmun\u00f3logo, data manager, t\u00e9cnico de laboratorio de terapia celular, secretaria project manager, medical writer, investigadores Pre- y Post-doctorales.<\/p>\n<\/div><\/div><\/div><\/div><\/div><\/div><\/div><\/div><\/section><section id=\"bt_section69f39e3f8e224\"  class=\"boldSection gutter inherit\" ><div class=\"port\"><div class=\"boldCell\"><div class=\"boldCellInner\"><div class=\"boldRow \" ><div class=\"boldRowInner\"><div class=\"rowItem col-md-4 col-ms-12 btTextLeft\"  data-width=\"4\"><div class=\"rowItemContent\" ><div class=\"btClear btSeparator topSemiSpaced bottomSemiSpaced noBorder\" ><hr><\/div><div class=\"btText\" ><p><iframe loading=\"lazy\" width=\"1200\" height=\"675\" src=\"https:\/\/www.youtube.com\/embed\/tBLXSti88Wo?feature=oembed\" frameborder=\"0\" allow=\"accelerometer; autoplay; encrypted-media; gyroscope; picture-in-picture\" allowfullscreen><\/iframe><\/p>\n<\/div><\/div><\/div><div class=\"rowItem col-md-8 col-ms-12 btTextLeft\"  data-width=\"8\"><div class=\"rowItemContent\" ><div class=\"btClear btSeparator topSmallSpaced bottomSmallSpaced noBorder\" ><hr><\/div><header class=\"header btClear small\" ><div class=\"dash\"><h4><span class=\"headline\">EL RETO DEPORTIVO<\/span><\/h4><\/div><\/header><div class=\"btText\" ><p><strong><em>\u00a0\u00a0\u00a0 Cabo de Gata-N\u00edjar Swim Project<\/em><\/strong>, es un Reto Deportivo Solidario, en el que un grupo de nadadores y nadadoras de Almer\u00eda, Albacete, C\u00f3rdoba, Madrid, Murcia y Navarra, nadar\u00e1n en mar abierto, para recaudar fondos en apoyo del proyecto de <strong>CRIS contra el c\u00e1ncer.<\/strong><\/p>\n<p>El reto consiste en recorrer a nado todo el Parque Natural de Cabo de Gata-N\u00edjar, Almer\u00eda, en 5 preciosas etapas consecutivas. En total son aproximadamente de 60 klm de aguas abiertas en un paraje natural.<\/p>\n<\/div><\/div><\/div><\/div><\/div><\/div><\/div><\/div><\/section><section id=\"bt_section69f39e3f8e43d\"  class=\"boldSection gutter\" ><div class=\"port\"><div class=\"boldCell\"><div class=\"boldCellInner\"><div class=\"boldRow \" ><div class=\"boldRowInner\"><div class=\"rowItem col-md-4 col-ms-12 btTextLeft\"  data-width=\"4\"><div class=\"rowItemContent\" ><\/div><\/div><div class=\"rowItem col-md-8 col-ms-12 btTextLeft\"  data-width=\"8\"><div class=\"rowItemContent\" ><\/div><\/div><\/div><\/div><div class=\"boldRow \" ><div class=\"boldRowInner\"><div class=\"rowItem col-md-4 col-ms-12 btTextLeft\"  data-width=\"4\"><div class=\"rowItemContent\" ><div class=\"btClear btSeparator topSpaced bottomSpaced noBorder\" ><hr><\/div><header class=\"header btClear medium  btHeaderAccent1\" ><div class=\"dash\"><h3><span class=\"headline\">V\u00eddeo oficial 12+1<\/span><\/h3><\/div><\/header><div class=\"btText\" ><p><iframe loading=\"lazy\" width=\"1200\" height=\"675\" src=\"https:\/\/www.youtube.com\/embed\/mOB_TZB2oNw?feature=oembed\" frameborder=\"0\" allow=\"accelerometer; autoplay; encrypted-media; gyroscope; picture-in-picture\" allowfullscreen><\/iframe><\/p>\n<\/div><div class=\"btClear btSeparator topSmallSpaced bottomSmallSpaced noBorder\" ><hr><\/div><header class=\"header btClear medium  btHeaderAccent2\" ><div class=\"dash\"><h3><span class=\"headline\">V\u00eddeo Ayto. Roquetas de Mar<\/span><\/h3><\/div><\/header><div class=\"btText\" ><p><iframe loading=\"lazy\" width=\"1200\" height=\"675\" src=\"https:\/\/www.youtube.com\/embed\/K-pjm6TBIc8?feature=oembed\" frameborder=\"0\" allow=\"accelerometer; autoplay; encrypted-media; gyroscope; picture-in-picture\" allowfullscreen><\/iframe><\/p>\n<\/div><\/div><\/div><div class=\"rowItem col-md-8 col-ms-12 btTextLeft\"  data-width=\"8\"><div class=\"rowItemContent\" ><div class=\"btClear btSeparator topSemiSpaced bottomSemiSpaced noBorder\" ><hr><\/div><header class=\"header btClear small  btHeaderAccent2\" ><div class=\"dash\"><h4><span class=\"headline\">ACTIVIDADES PARA CONSEGUIR NUESTRO OBJETIVO<\/span><\/h4><\/div><\/header><div class=\"btText\" ><p>Nuestro gran reto central es la nataci\u00f3n en\u00a0 las aguas de Cabo de Gata-N\u00edjar, pero para promocionar el mismo y ayudar la recaudaci\u00f3n, la iniciativa M\u00f3jate por la vida, desarrollar\u00e1 varias actividades durante todo este a\u00f1o 2017.<\/p>\n<\/div><header class=\"header btClear small  btHeaderAccent2\" ><div class=\"dash\"><h4><span class=\"headline\">12+1 horas de nataci\u00f3n ininterrumpida.<\/span><\/h4><\/div><\/header><div class=\"btText\" ><p>La primera de ellas es la actividad: \u00ab<strong>M\u00f3jate por la Vida 12 + 1<\/strong>\u00bb Consistente en 12 +1 horas de nataci\u00f3n solidara e ininterrumpida en piscina, con multitud de actividades paralelas.<\/p>\n<p>Se desarroll\u00f3 del 24 a al 26 de mayo en el CDU Juan Fern\u00e1ndez Gonz\u00e1lez de Roquetas de Mar. Contando con la presencia especial del Nadador Ol\u00edmpico y Recordman Mundial de 50 mariposa Rafa Mu\u00f1oz.<\/p>\n<\/div><div class=\"btIconImageRow\" ><span class=\"btIco btIcoDefaultType btIcoMediumSize btAccent2Icon\"><a href=\"http:\/\/mojateporlavida.org\/?page_id=4121\"  target=\"no_target\" data-ico-fs=\"&#xe989;\" class=\"btIcoHolder\"><span>M\u00e1s informaci\u00f3n<\/span><\/a><\/span><\/div><div class=\"btClear btSeparator topSemiSpaced bottomSemiSpaced noBorder\" ><hr><\/div><header class=\"header btClear small  btHeaderAccent3\" ><div class=\"dash\"><h4><span class=\"headline\"> CONCIERTO SOLIDARIO \u00abM\u00f3jate por la Vida\u00ab <\/span><\/h4><\/div><\/header><div class=\"btText\" ><p>Organizado por Bandas locales, disfrutaremos de un estupendo concierto solidario.<br \/>\nPr\u00f3ximamente m\u00e1s informaci\u00f3n.<\/p>\n<p><iframe loading=\"lazy\" src=\"https:\/\/open.spotify.com\/embed\/album\/4OhEXpXNhwhOSprBKtCyuO%3Fplay%3Dtrue%26utm_source%3Dopen.spotify.com%26utm_medium%3Dopen\" width=\"300\" height=\"380\" frameborder=\"0\" allowtransparency=\"true\" allow=\"encrypted-media\"><\/iframe><\/p>\n<\/div><div class=\"btClear btSeparator topSemiSpaced bottomSemiSpaced noBorder\" ><hr><\/div><header class=\"header btClear small  btHeaderAccent4\" ><div class=\"dash\"><h4><span class=\"headline\">OWS Cabo de Gata-N\u00edjar Swim Projetc<\/span><\/h4><\/div><\/header><div class=\"btText\" ><p>Nuestro gran reto y elemento central de nuestro proyecto solidario. 10 nadadores y nadadoras de varios puntos de la geograf\u00eda espa\u00f1ola, nadar\u00e1n los 60 km de costa del Parque Natural de Cabo de Gata-N\u00edjar, en 5 preciosas etapas. En breve m\u00e1s detalles.<\/p>\n<\/div><div class=\"btClear btSeparator topSemiSpaced bottomSemiSpaced noBorder\" ><hr><\/div><header class=\"header btClear small  btHeaderAccent2\" ><div class=\"dash\"><h4><span class=\"headline\">Marcha N\u00f3rdica, M\u00f3jate por la Vida<\/span><\/h4><\/div><\/header><div class=\"btText\" ><p>Actividad pionera en Almer\u00eda, que se desarrollar\u00e1 en el m\u00e9s de Septiembre.<\/p>\n<p>Pr\u00f3ximamente m\u00e1s informaci\u00f3n.<\/p>\n<\/div><div class=\"btClear btSeparator topSemiSpaced bottomSemiSpaced noBorder\" ><hr><\/div><header class=\"header btClear small  btHeaderAccent2\" ><div class=\"dash\"><h4><span class=\"headline\">Cena de Gala<\/span><\/h4><\/div><\/header><div class=\"btText\" ><p>En noviembre de este a\u00f1o, nos reuniremos en una gran Cena de Gala solidaria, para agradecer a todos los implicados con nuestro proyecto solidario, mostrar los resultados de todo este trabajo y recaudar las \u00faltimas aportaciones.<\/p>\n<\/div><\/div><\/div><\/div><\/div><\/div><\/div><\/div><\/section><section id=\"bt_section69f39e3f8ec01\"  class=\"boldSection gutter\" ><div class=\"port\"><div class=\"boldCell\"><div class=\"boldCellInner\"><div class=\"boldRow \" ><div class=\"boldRowInner\"><div class=\"rowItem col-md-4 col-ms-12 btTextLeft\"  data-width=\"4\"><div class=\"rowItemContent\" ><\/div><\/div><div class=\"rowItem col-md-8 col-ms-12 btTextLeft\"  data-width=\"8\"><div class=\"rowItemContent\" ><div class=\"btClear btSeparator topExtraSpaced bottomExtraSpaced noBorder\" ><hr><\/div><\/div><\/div><\/div><\/div><\/div><\/div><\/div><\/section>","protected":false},"excerpt":{"rendered":"","protected":false},"author":1,"featured_media":0,"parent":0,"menu_order":0,"comment_status":"closed","ping_status":"closed","template":"","meta":[],"_links":{"self":[{"href":"http:\/\/mojateporlavida.org\/index.php?rest_route=\/wp\/v2\/pages\/4831"}],"collection":[{"href":"http:\/\/mojateporlavida.org\/index.php?rest_route=\/wp\/v2\/pages"}],"about":[{"href":"http:\/\/mojateporlavida.org\/index.php?rest_route=\/wp\/v2\/types\/page"}],"author":[{"embeddable":true,"href":"http:\/\/mojateporlavida.org\/index.php?rest_route=\/wp\/v2\/users\/1"}],"replies":[{"embeddable":true,"href":"http:\/\/mojateporlavida.org\/index.php?rest_route=%2Fwp%2Fv2%2Fcomments&post=4831"}],"version-history":[{"count":41,"href":"http:\/\/mojateporlavida.org\/index.php?rest_route=\/wp\/v2\/pages\/4831\/revisions"}],"predecessor-version":[{"id":6736,"href":"http:\/\/mojateporlavida.org\/index.php?rest_route=\/wp\/v2\/pages\/4831\/revisions\/6736"}],"wp:attachment":[{"href":"http:\/\/mojateporlavida.org\/index.php?rest_route=%2Fwp%2Fv2%2Fmedia&parent=4831"}],"curies":[{"name":"wp","href":"https:\/\/api.w.org\/{rel}","templated":true}]}}