{"id":4148,"date":"2017-02-26T20:40:26","date_gmt":"2017-02-26T19:40:26","guid":{"rendered":"http:\/\/mojateporlavida.org\/?page_id=4148"},"modified":"2017-04-02T17:32:09","modified_gmt":"2017-04-02T16:32:09","slug":"12-1-horas-de-natacion","status":"publish","type":"page","link":"http:\/\/mojateporlavida.org\/?page_id=4148","title":{"rendered":"12 + 1 horas de nataci\u00f3n"},"content":{"rendered":"<section id=\"bt_section69f21177cc2be\"  class=\"boldSection gutter\" ><div class=\"port\"><div class=\"boldCell\"><div class=\"boldCellInner\"><div class=\"boldRow \" ><div class=\"boldRowInner\"><div class=\"rowItem col-md-6 col-sm-12 btTextLeft\"  data-width=\"6\"><div class=\"rowItemContent\" ><div class=\"bpgPhoto \" ><div class = \"btImage\"><img src=\"http:\/\/mojateporlavida.org\/wp-content\/uploads\/2016\/10\/logomojatenadando-320x240.png\" alt=\"\" title=\"12 + 1 horas de nataci\u00f3n\"><\/div><\/div><\/div><\/div><div class=\"rowItem col-md-6 col-sm-12 btTextLeft\"  data-width=\"6\"><div class=\"rowItemContent\" ><div class=\"btCustomMenu \" ><div class=\"menu-actividades-121-container\"><ul id=\"menu-actividades-121\" class=\"menu\"><li id=\"menu-item-4212\" class=\"menu-item menu-item-type-post_type menu-item-object-page menu-item-4212\"><a href=\"http:\/\/mojateporlavida.org\/?page_id=4148\">12 + 1 horas de nataci\u00f3n<\/a><\/li>\n<\/ul><\/div><\/div><\/div><\/div><\/div><\/div><div class=\"boldRow \" ><div class=\"boldRowInner\"><div class=\"rowItem col-md-12 col-ms-12  btTextLeft\"  data-width=\"12\"><div class=\"rowItemContent\" ><div class=\"btTabs tabsHorizontal\"><ul class=\"tabsHeader\"><li><span>Descripci\u00f3n<\/span><\/li><li><span>Participantes<\/span><\/li><li><span>Normativa<\/span><\/li><li><span>Premios<\/span><\/li><li><span>Inscripciones<\/span><\/li><li><span>Horarios<\/span><\/li><\/ul><div class=\"tabPanes tabPanesTabs\"><div class=\"tabPane\">\n\t\t\t<div class=\"tabAccordionContent\"><div class=\"btText\" ><p>El evento deportivo \u201cM\u00f3jate por la vida 12 + 1\u201d,\u00a0 tiene un objetivo ben\u00e9fico-social espec\u00edfico, que es el de ayudar a un proyecto concreto de la Fundaci\u00f3n <a href=\"http:\/\/mojateporlavida.org\/cris\/\">Cris Contra el C\u00e1ncer<\/a> <a href=\"http:\/\/mojateporlavida.org\/cris\/\">(Cancer Research Innovation Spain)<\/a>. Este proyecto consiste en\u00a0 la creaci\u00f3n de la Unidad de Terapias avanzadas para C\u00e1ncer Infantil en el Hospital de la Paz.<\/p>\n<\/div><\/div>\n\t\t<\/div><div class=\"tabPane\">\n\t\t\t<div class=\"tabAccordionContent\"><div class=\"btText\" ><p>El donativo de cada club participante ser\u00e1 de 15 \u20ac\/nadador inscrito.<br \/>\nCada participante inscrito tendr\u00e1 derecho a:<br \/>\n\u25cf Cena para aquellos que est\u00e9n dentro de los 20 nadadores por equipo\/club participante que la organizaci\u00f3n requiere en el tramo de noche comprendido entre las 22:00 horas del s\u00e1bado 25 de marzo y 02:00 horas del domingo 26 de marzo.<br \/>\n\u25cf Un botell\u00edn de agua.<br \/>\n\u25cf Una camiseta y un gorro del evento.<br \/>\n\u25cf Avituallamiento mientras dure la prueba.<br \/>\nLas inscripciones quedar\u00e1n formalizadas cuando cada equipo env\u00ede por correo electr\u00f3nico a la organizaci\u00f3n (<a href=\"mailto:antonio@mojateporlavida.org\">antonio@mojateporlavida.org<\/a>) el justificante del ingreso bancario de sus participantes en el n\u00famero de cuenta del <strong>C.D. TurAriAnA<\/strong>: ES18 2103 0874 7100 3000 8823 y un listado en EXCEL, que la<br \/>\norganizaci\u00f3n facilitar\u00e1, con los datos de cada uno de los nadadores.<br \/>\nEn el <strong>CONCEPTO<\/strong> del justificante debe aparecer el nombre de cada club.<\/p>\n<p>\u25cf Cada Club participante del 12+1 horas de nataci\u00f3n tendr\u00e1 que nombrar a un delegado que ser\u00e1 el responsable de \u00e9ste.<br \/>\n\u25cf Las bolsas de los participantes se recoger\u00e1n el <strong>viernes 24 de marzo<\/strong> desde las 17:00 horas hasta las 21:00 horas en la antigua recepci\u00f3n del C.D.U. Juan Gonz\u00e1lez Fern\u00e1ndez de Roquetas de Mar. Todo esto lo deber\u00e1 recoger el delegado de cada Club.<br \/>\n\u25cf Se determina como turno de nataci\u00f3n de noche la franja horaria comprendida entre las 22:00 horas del s\u00e1bado 25 de marzo y las 02:00 hora antigua y 03:00 hora nueva del domingo 26 de marzo.<br \/>\n\u25cf Cada Club participante deber\u00e1 contar con un m\u00ednimo de 20 nadadores y un m\u00e1ximo de 40, y durante la noche cada club deber\u00e1 contar con 20 nadadores, excepto el club organizador. La organizaci\u00f3n recomienda, que a pesar de que el m\u00ednimo de nadadores para participar como Club es de 20 traten de llevar un m\u00ednimo de 30 nadadores para afrontar el reto de una forma m\u00e1s c\u00f3moda.<\/p>\n<p>\u25cf Es obligatorio que los nadadores que participen por la noche sean mayores de edad.<br \/>\n\u25cf La edad m\u00ednima para participar ser\u00e1 los nacidos a partir de 2007 para ni\u00f1os y 2008 para ni\u00f1as.<br \/>\n\u25cf Los clubes deber\u00e1n confirmar asistencia antes del 12 de marzo de 2017.<br \/>\n\u25cf La inscripci\u00f3n a la prueba es personal e intransferible y supone la aceptaci\u00f3n del presente reglamento.<\/p>\n<p>Ante cualquier duda, se pueden poner en contacto\u00a0 por email: <a href=\"mailto:antonio@mojateporlavida.org\">antonio@mojateporlavida.org\u00a0 o <\/a><a href=\"mailto:ainhoa@mojateporlavida.org\">ainhoa@mojateporlavida.org<\/a><br \/>\no por telef\u00f3no: 616029562 Antonio y 653181113 Ainhoa<\/p>\n<h2>Clinics 12 + 1 Horas de nataci\u00f3n<\/h2>\n<p>\u25cf Cada Club participante tendr\u00e1 derecho a un n\u00famero limitado de plazas, en funci\u00f3n del n\u00famero de clubes que asistan, para acudir de forma\u00a0 gratuita a clinics que se van a realizar:<\/p>\n<h3>1\u00ba Cl\u00ednic : Rafael Mu\u00f1oz P\u00e9rez.<\/h3>\n<p>\u25aa Charla sobre los valores de la nataci\u00f3n y su curriculum deportivo: acceso libre con un aforo m\u00e1ximo de 100 personas.<br \/>\n\u25aa Sesi\u00f3n de entrenamiento en suspensi\u00f3n y entrenamiento en Seco.<br \/>\n\u25aa Sesi\u00f3n acu\u00e1tica de t\u00e9cnica y perfeccionamiento de estilos mariposa y crol.<\/p>\n<h3>2\u00ba Charla de Fisioterapia y Nutrici\u00f3n Deportiva:<\/h3>\n<p>\u25aa M. Luz: Sesi\u00f3n Fisioterapia Deportiva.<br \/>\n\u25aa M. Dolores: Sesi\u00f3n de Nutrici\u00f3n Deportiva.<\/p>\n<\/div><\/div>\n\t\t<\/div><div class=\"tabPane\">\n\t\t\t<div class=\"tabAccordionContent\"><div class=\"btText\" ><p>3.1 Requisitos de los participantes:<br \/>\n\u25cf Podr\u00e1 participar cualquier persona f\u00edsica de cualquier nacionalidad, federados o no.<br \/>\n\u25cf Todos los participantes menores de edad, deber\u00e1n entregar la autorizaci\u00f3n de menores firmada por el correspondiente tutor legal\/padre o madre al recoger recoger la bolsa de participante.<br \/>\n\u25cf Conocer y aceptar las condiciones del presente reglamento.<br \/>\n\u25cf Haber realizado correctamente todos los pasos y requisitos para la inscripci\u00f3n.<br \/>\n\u25cf Aceptar el descargo de responsabilidad y la declaraci\u00f3n de aptitud f\u00edsica que aparece en el formulario de inscripci\u00f3n.<br \/>\n\u25cf La inscripci\u00f3n a la prueba es personal e intransferible y supone la aceptaci\u00f3n del presente reglamento.<br \/>\n\u25cf Leer con detalle el Dossier de \u201cM\u00d3JATE POR LA VIDA 12+1\u201d que contiene todos los detalles de las pruebas.<br \/>\n\u25cf No habr\u00e1 servicio de guardarropa, pero las instalaciones disponen de taquillas, los participantes que deseen utilizarlas deber\u00e1n llevar su propio candado.<\/p>\n<h4>Todas las inscripciones, independientemente de la prueba que sea, incluyen como m\u00ednimo:<\/h4>\n<p>\u25cf Seguro de accidentes para cada participante de las 12+1 horas.<br \/>\n\u25cf Asistencia m\u00e9dica durante el desarrollo del evento si fuera necesaria (Servicios M\u00e9dicos Ambulatorios).<\/p>\n<h4>Evacuaci\u00f3n<\/h4>\n<p>\u25cf En caso que por condiciones adversas y\/o de fuerza mayor, reflejadas en el ANEXO IV del Dossier de las \u201cM\u00d3JATE POR LA VIDA 12+1\u201d, la\u00a0 organizaci\u00f3n se viera obligada a anular el evento, se proceder\u00eda a la evacuaci\u00f3n de todos los participantes.<br \/>\n\u2022 En el caso que alg\u00fan participante tenga que ser evacuado, la organizaci\u00f3n establecer\u00e1 el protocolo de actuaci\u00f3n y asistencia sanitaria tal como aparece recogido en el Dossier de \u201cM\u00d3JATE POR LA VIDA 12+1\u201d<\/p>\n<h3>3.2 Suspensi\u00f3n del evento<\/h3>\n<p>Por causas de fuerza mayor ajenas a su voluntad, la organizaci\u00f3n se reserva<br \/>\nel derecho de suspender o modificar las franjas horarias y\/o las actividades<br \/>\ntanto del pabell\u00f3n, como de la piscina o de los exteriores del CDU Ju\u00e1n Gonz\u00e1lez Fern\u00e1ndez.<\/p>\n<h3>3.3 Derechos de imagen<\/h3>\n<p>La entidad organizadora se reserva en exclusividad el derecho sobre la imagen del evento, as\u00ed como la explotaci\u00f3n audiovisual y period\u00edstica de la competici\u00f3n.<\/p>\n<p>Cualquier proyecto medi\u00e1tico o publicitario deber\u00e1 contar con el consentimiento de la organizaci\u00f3n.<\/p>\n<h3>3.4 Protecci\u00f3n de datos<\/h3>\n<p>En cumplimiento de lo establecido en la Ley Org\u00e1nica de 15\/1999, de 13 de diciembre, de Protecci\u00f3n de Datos de Car\u00e1cter Personal (\u201cLOPD\u201d) y la Ley 34\/2002, de 11 de julio, de servicios de la sociedad de la informaci\u00f3n y de comercio electr\u00f3nico, C.D. TurAniAnA, le informan, y usted consiente que: Todos los datos de car\u00e1cter personal facilitados por usted a trav\u00e9s de los formularios de recogida de datos en cuestionario de inscripci\u00f3n son incorporados a un fichero automatizado de car\u00e1cter personal del que es responsable el C.D TurAniAnA.<\/p>\n<p>El objetivo de la creaci\u00f3n de este fichero, el cual es tratado de forma confidencial, es: Administrar su participaci\u00f3n en el evento. Gestionar la informaci\u00f3n procedente de la prueba, las fotograf\u00edas y los v\u00eddeos. Realizar el control estad\u00edstico de los participantes con el fin de retroalimentar a la organizaci\u00f3n y aplicar los cambios pertinentes para su mejora.<\/p>\n<p>Promocionar o publicitar las actividades, servicios y art\u00edculos que ofrezcan las entidades colaboradoras de CD TurAniAnA, as\u00ed como de los colaboradores del evento. Con su consentimiento al proceso de inscripci\u00f3n y al formulario correspondiente, usted autoriza de forma expresa la cesi\u00f3n de sus datos personales solicitados con las finalidades antes relacionadas a favor del CD TurAniAnA. De cualquier forma, usted puede revocar en cualquier momento el consentimiento dado y ejercitar sus derechos de acceso, rectificaci\u00f3n, cancelaci\u00f3n y oposici\u00f3n, dirigi\u00e9ndose a estos efectos a: cdturaniana@gmail.com<\/p>\n<p>3.5 Descargo de Responsabilidad y Declaraci\u00f3n de aptitud f\u00edsica<\/p>\n<p>La inscripci\u00f3n a la prueba implica la aceptaci\u00f3n de las normas y la adecuada preparaci\u00f3n del participante para el evento. En este sentido, el participante exime a la organizaci\u00f3n de los posibles problemas de salud derivados de su participaci\u00f3n en el evento.<\/p>\n<p>\u25cf Los participantes inscritos en la prueba entienden que participan voluntariamente y bajo su propia responsabilidad en la competici\u00f3n y por lo tanto, exoneran de toda responsabilidad a la organizaci\u00f3n de la prueba y convienen en no denunciar a la entidad organizadora, colaboradores, patrocinadores y otros participantes, as\u00ed como tampoco iniciar ninguna reclamaci\u00f3n de responsabilidad civil a las citadas partes. A estos efectos, en el momento de la inscripci\u00f3n, el participante deber\u00e1 marcar la casilla de aceptaci\u00f3n del descargo para formalizar la inscripci\u00f3n.<\/p>\n<h3>3.6 Modificaci\u00f3n del reglamento<\/h3>\n<p>En caso que la organizaci\u00f3n lo considere necesario, podr\u00e1 modificar el presente reglamento. Las modificaciones ser\u00e1n debidamente comunicadas a los participantes. La realizaci\u00f3n de la inscripci\u00f3n implica el reconocimiento y la aceptaci\u00f3n del presente reglamento.<\/p>\n<p>Normativa espec\u00edfica de Nataci\u00f3n<\/p>\n<p>\u25cf El periodo de nado ser\u00e1 desde las 14:00 horas del d\u00eda 25 de marzo hasta las 02:00 horas hora antigua y 03:00 hora nueva del 26 de marzo.<br \/>\n\u25cf La organizaci\u00f3n pondr\u00e1 a disposici\u00f3n del evento 7 calles de nataci\u00f3n.<br \/>\nCada calle podr\u00e1 ser utilizada como m\u00e1ximo por dos clubes diferentes<br \/>\ninscritos por separado.<br \/>\n\u25cf En caso de que un club no tenga el m\u00ednimo de nadadores requerido podr\u00e1 inscribirse asoci\u00e1ndose a otro Club y participar\u00e1n bajo el nombre que\u00a0 ellos determinen y con el que se inscriban. Previamente a la inscripci\u00f3n aquellos clubes que no lleguen al m\u00ednimo de nadadores y deseen participar, deber\u00e1n de ponerlo en conocimiento a la organizaci\u00f3n y est\u00e1 facilitar\u00e1 los medios necesarios para que puedan hacerlo.<br \/>\n\u25cf La m\u00ednima distancia a cubrir por un nadador ser\u00e1 de 50 metros sin parar o m\u00faltiplos de esa distancia.<br \/>\n\u25cf En cada calle podr\u00e1n nadar como m\u00e1ximo 2 nadadores a la vez y en paralelo.<br \/>\n\u25cf Los nadadores se dar\u00e1n el relevo como en la normativa FINA de pruebas de relevos: hasta que un nadador no toca la pared no saldr\u00e1 el siguiente.<br \/>\n\u25cf Los metros ser\u00e1n acumulativos por cada Club, incrementando los realizados cada hora, mostrando en un tabl\u00f3n o pizarra los realizados en la hora anterior y el acomulado total en las horas transcurridas. As\u00ed pues , todos tendr\u00e1n constancia de la situaci\u00f3n de la prueba.<br \/>\n\u25cf Para cualquier otra situaci\u00f3n que suponga una ventaja no deportiva y que no est\u00e9 reflejada en la normativa actual, se resolver\u00e1 con el reglamento de competici\u00f3n de la FINA que actualmente est\u00e1 vigente.<\/p>\n<\/div><\/div>\n\t\t<\/div><div class=\"tabPane\">\n\t\t\t<div class=\"tabAccordionContent\"><div class=\"btText\" ><p>Aunque se pretende que el evento no sea competitivo y se realice en un<br \/>\nmarco de convivencia y solidaridad, para motivar a los participantes se<br \/>\npremiar\u00e1 al club que nade el mayor n\u00famero posible de metros en una hora y<br \/>\nal que durante las 12 + 1 horas sume m\u00e1s distancia. Es por ello que en el<br \/>\napartado n\u00famero 3 se detalla la normativa del mismo.<\/p>\n<\/div><\/div>\n\t\t<\/div><div class=\"tabPane\">\n\t\t\t<div class=\"tabAccordionContent\"><div class=\"btText\" ><p>Cada uno de los Clubes invitados, ha recibido un mail con la invitaci\u00f3n, el reglamento y la ficha de inscripci\u00f3n, adem\u00e1s de una confirmaci\u00f3n telef\u00f3nica del env\u00edo. Estos son los Clubes invitados al evento. Si quieres participar, pero tu Club ha declinado su participaci\u00f3n, ponte en contacto con la organizaci\u00f3n por si le quedan disponibles plazas a otros clubes , al Club organizador, o en la calle 0.<\/p>\n<h3>Clubes invitados:<\/h3>\n<ul>\n<li>1\u00ba C.N. Almer\u00eda.<\/li>\n<li>2\u00ba\u00a0C.N. Bah\u00eda de Almer\u00eda.<\/li>\n<li>3\u00ba C.N. Berja.<\/li>\n<li>4\u00ba C.N. Ciudad de\u00a0Adra.<\/li>\n<li>5\u00ba C.D. Ego<\/li>\n<li>6\u00ba C.N. H2O El Ejido.<\/li>\n<li>7\u00ba C.N. Jair\u00e1n.<\/li>\n<li>8\u00ba C.N. Portocarrero<\/li>\n<li>9\u00ba C.N. Pulp\u00ed.<\/li>\n<li>10\u00ba C.D.N.W. Roquetas de Mar.<\/li>\n<li>11\u00ba Triatl\u00f3n La Dulce Alianza.<\/li>\n<li>12\u00ba Triatl\u00f3n Almer\u00eda<\/li>\n<li>13\u00ba Triatl\u00f3n Indalo<\/li>\n<li>14\u00ba Triatl\u00f3n Roquetas<\/li>\n<li>15\u00ba TriEjido WITL<\/li>\n<li>16\u00ba Triatl\u00f3n C. D. Tritain4you<\/li>\n<\/ul>\n<\/div><\/div>\n\t\t<\/div><div class=\"tabPane\">\n\t\t\t<div class=\"tabAccordionContent\"><div class=\"btText\" ><p>El evento se celebrar\u00e1 en El Parador de las Hortichuelas, en el C.D.U.Juan<br \/>\nGonz\u00e1lez Fern\u00e1ndez. La parte de nataci\u00f3n ser\u00e1 en la piscina, que consta de<br \/>\ndos vasos: uno de 25 metros con 9 calles donde se realizar\u00e1n las 12 + 1 horas<br \/>\nde nataci\u00f3n y un vaso peque\u00f1o de chapoteo donde se llevar\u00e1 a cabo el<br \/>\naquagym. Las 12 + 1 horas de la nataci\u00f3n dar\u00e1n comienzo el d\u00eda 25 de marzo<br \/>\na las 14:00 horas y finalizar\u00e1n el d\u00eda 26 a las 2:00 de la ma\u00f1ana hora antigua<br \/>\n(que ser\u00e1n las 3:00 del nuevo cambio horario). Habr\u00e1 servicio de desayuno a<br \/>\nlas 8 de la ma\u00f1ana en el parking de la entrada.<br \/>\nSe cuenta con servicio de barra para el s\u00e1bado 25 de marzo desde las<br \/>\n08:00 horas hasta las 22:00-23:00 horas aproximadamente. Se pone a<br \/>\ndisposici\u00f3n de todos los asistentes servicio cont\u00ednuo de desayuno, comidas y<br \/>\ncenas.<br \/>\nEn caso de que por cualquier causa ajena al evento se produzca alg\u00fan<br \/>\ncambio, se avisar\u00e1 con la mayor brevedad posible.<\/p>\n<\/div><\/div>\n\t\t<\/div><\/div><\/div><\/div><\/div><\/div><\/div><div class=\"boldRow \" ><div class=\"boldRowInner\"><\/div><\/div><\/div><\/div><\/div><\/section><section id=\"bt_section69f21177cf128\"  class=\"boldSection gutter\" ><div class=\"port\"><div class=\"boldCell\"><div class=\"boldCellInner\"><\/div><\/div><\/div><\/section><section id=\"bt_section69f21177cf15d\"  class=\"boldSection gutter\" ><div class=\"port\"><div class=\"boldCell\"><div class=\"boldCellInner\"><div class=\"boldRow \" ><div class=\"boldRowInner\"><div class=\"rowItem col-md-12 col-ms-12  btTextLeft\"  data-width=\"12\"><div class=\"rowItemContent\" ><div class=\"btClear btSeparator topSmallSpaced bottomSmallSpaced noBorder\" ><hr><\/div><div class=\"btText\" ><h2 style=\"text-align: center;\">COLABORADORES<\/h2>\n<\/div><div class=\"btClear btSeparator topSmallSpaced bottomSmallSpaced noBorder\" ><hr><\/div><div class=\"boldClientRegularList btCarouselSmallNav\"><div class=\"\"><div class=\"bclItem \"><div class=\"bclItemChild\"><img class=\"bclItemChildAspectImage\" src = \"http:\/\/mojateporlavida.org\/wp-content\/themes\/kids-club\/gfx\/aspect-square.png\" alt=\"Aspect image\"><div class=\"bclItemChildBg\" style=\"background-image:url(http:\/\/mojateporlavida.org\/wp-content\/uploads\/2017\/02\/ayto-ROQUETAS-DEPORTES.png);\"><a href=\"http:\/\/www.aytoroquetas.org\/deportes-y-tiempo-libre\"><\/a><\/div><div class=\"bclItemChildContent\"><\/div><\/div><\/div><div class=\"bclItem \"><div class=\"bclItemChild\"><img class=\"bclItemChildAspectImage\" src = \"http:\/\/mojateporlavida.org\/wp-content\/themes\/kids-club\/gfx\/aspect-square.png\" alt=\"Aspect image\"><div class=\"bclItemChildBg\" style=\"background-image:url(http:\/\/mojateporlavida.org\/wp-content\/uploads\/2017\/02\/cruz.png);\"><a href=\"http:\/\/www.cruzber.com\/\"><\/a><\/div><div class=\"bclItemChildContent\"><\/div><\/div><\/div><div class=\"bclItem \"><div class=\"bclItemChild\"><img class=\"bclItemChildAspectImage\" src = \"http:\/\/mojateporlavida.org\/wp-content\/themes\/kids-club\/gfx\/aspect-square.png\" alt=\"Aspect image\"><div class=\"bclItemChildBg\" style=\"background-image:url(http:\/\/mojateporlavida.org\/wp-content\/uploads\/2017\/02\/unnamed-1-640x567.jpg);\"><a href=\"http:\/\/redcomercial.peugeot.es\/psa-retail-almeria\"><\/a><\/div><div class=\"bclItemChildContent\"><\/div><\/div><\/div><div class=\"bclItem \"><div class=\"bclItemChild\"><img class=\"bclItemChildAspectImage\" src = \"http:\/\/mojateporlavida.org\/wp-content\/themes\/kids-club\/gfx\/aspect-square.png\" alt=\"Aspect image\"><div class=\"bclItemChildBg\" style=\"background-image:url(http:\/\/mojateporlavida.org\/wp-content\/uploads\/2017\/02\/decathlon-vi\u0301car-640x176.png);\"><a href=\"https:\/\/www.decathlon.es\/es\/store?store_id=PS_ES_59\"><\/a><\/div><div class=\"bclItemChildContent\"><\/div><\/div><\/div><div class=\"bclItem \"><div class=\"bclItemChild\"><img class=\"bclItemChildAspectImage\" src = \"http:\/\/mojateporlavida.org\/wp-content\/themes\/kids-club\/gfx\/aspect-square.png\" alt=\"Aspect image\"><div class=\"bclItemChildBg\" style=\"background-image:url(http:\/\/mojateporlavida.org\/wp-content\/uploads\/2017\/02\/logo-nutrisport-web-640x167.png);\"><a href=\"https:\/\/nutrisport.es\/\"><\/a><\/div><div class=\"bclItemChildContent\"><\/div><\/div><\/div><div class=\"bclItem \"><div class=\"bclItemChild\"><img class=\"bclItemChildAspectImage\" src = \"http:\/\/mojateporlavida.org\/wp-content\/themes\/kids-club\/gfx\/aspect-square.png\" alt=\"Aspect image\"><div class=\"bclItemChildBg\" style=\"background-image:url(http:\/\/mojateporlavida.org\/wp-content\/uploads\/2017\/02\/LOGO-RADIOMARCA-NEW-DIAL.jpg);\"><a href=\"https:\/\/www.radiomarcaalmeria.com\/\"><\/a><\/div><div class=\"bclItemChildContent\"><\/div><\/div><\/div><div class=\"bclItem \"><div class=\"bclItemChild\"><img class=\"bclItemChildAspectImage\" src = \"http:\/\/mojateporlavida.org\/wp-content\/themes\/kids-club\/gfx\/aspect-square.png\" alt=\"Aspect image\"><div class=\"bclItemChildBg\" style=\"background-image:url(http:\/\/mojateporlavida.org\/wp-content\/uploads\/2017\/02\/estrella-dam.jpg);\"><a href=\"http:\/\/www.estrelladamm.com\/es\/\"><\/a><\/div><div class=\"bclItemChildContent\"><\/div><\/div><\/div><div class=\"bclItem \"><div class=\"bclItemChild\"><img class=\"bclItemChildAspectImage\" src = \"http:\/\/mojateporlavida.org\/wp-content\/themes\/kids-club\/gfx\/aspect-square.png\" alt=\"Aspect image\"><div class=\"bclItemChildBg\" style=\"background-image:url(http:\/\/mojateporlavida.org\/wp-content\/uploads\/2017\/02\/mcdonalds-640x437.jpg);\"><a href=\"http:\/\/www.mcdonalds.es\/restaurante\/almeria\/roquetas-de-mar-centro-comercial-gran-plaza\"><\/a><\/div><div class=\"bclItemChildContent\"><\/div><\/div><\/div><div class=\"bclItem \"><div class=\"bclItemChild\"><img class=\"bclItemChildAspectImage\" src = \"http:\/\/mojateporlavida.org\/wp-content\/themes\/kids-club\/gfx\/aspect-square.png\" alt=\"Aspect image\"><div class=\"bclItemChildBg\" style=\"background-image:url(http:\/\/mojateporlavida.org\/wp-content\/uploads\/2017\/02\/Club-de-padelr.jpg);\"><a href=\"https:\/\/www.facebook.com\/clubpadelroquetas\/\"><\/a><\/div><div class=\"bclItemChildContent\"><\/div><\/div><\/div><div class=\"bclItem \"><div class=\"bclItemChild\"><img class=\"bclItemChildAspectImage\" src = \"http:\/\/mojateporlavida.org\/wp-content\/themes\/kids-club\/gfx\/aspect-square.png\" alt=\"Aspect image\"><div class=\"bclItemChildBg\" style=\"background-image:url(http:\/\/mojateporlavida.org\/wp-content\/uploads\/2017\/02\/cmf-horizontal-small-con-lema.jpg);\"><a href=\"http:\/\/www.conmasfuturo.es\/\"><\/a><\/div><div class=\"bclItemChildContent\"><\/div><\/div><\/div><\/div><\/div><div class=\"btClear btSeparator topSpaced bottomSpaced noBorder\" ><hr><\/div><\/div><\/div><\/div><\/div><\/div><\/div><\/div><\/section>","protected":false},"excerpt":{"rendered":"<p>12+1 horas de nataci\u00f3n ininterrumpidas.<\/p>\n","protected":false},"author":1,"featured_media":0,"parent":4121,"menu_order":0,"comment_status":"closed","ping_status":"closed","template":"","meta":[],"_links":{"self":[{"href":"http:\/\/mojateporlavida.org\/index.php?rest_route=\/wp\/v2\/pages\/4148"}],"collection":[{"href":"http:\/\/mojateporlavida.org\/index.php?rest_route=\/wp\/v2\/pages"}],"about":[{"href":"http:\/\/mojateporlavida.org\/index.php?rest_route=\/wp\/v2\/types\/page"}],"author":[{"embeddable":true,"href":"http:\/\/mojateporlavida.org\/index.php?rest_route=\/wp\/v2\/users\/1"}],"replies":[{"embeddable":true,"href":"http:\/\/mojateporlavida.org\/index.php?rest_route=%2Fwp%2Fv2%2Fcomments&post=4148"}],"version-history":[{"count":21,"href":"http:\/\/mojateporlavida.org\/index.php?rest_route=\/wp\/v2\/pages\/4148\/revisions"}],"predecessor-version":[{"id":4232,"href":"http:\/\/mojateporlavida.org\/index.php?rest_route=\/wp\/v2\/pages\/4148\/revisions\/4232"}],"up":[{"embeddable":true,"href":"http:\/\/mojateporlavida.org\/index.php?rest_route=\/wp\/v2\/pages\/4121"}],"wp:attachment":[{"href":"http:\/\/mojateporlavida.org\/index.php?rest_route=%2Fwp%2Fv2%2Fmedia&parent=4148"}],"curies":[{"name":"wp","href":"https:\/\/api.w.org\/{rel}","templated":true}]}}